Last updated on 2025-07-19 01:49:16 CEST.
Flavor | Version | Tinstall | Tcheck | Ttotal | Status | Flags |
---|---|---|---|---|---|---|
r-devel-linux-x86_64-debian-clang | 1.2.5 | 35.59 | 102.56 | 138.15 | NOTE | |
r-devel-linux-x86_64-debian-gcc | 1.2.5 | 24.49 | 69.19 | 93.68 | NOTE | |
r-devel-linux-x86_64-fedora-clang | 1.2.5 | 242.80 | OK | |||
r-devel-linux-x86_64-fedora-gcc | 1.2.5 | 202.21 | OK | |||
r-devel-windows-x86_64 | 1.2.5 | 44.00 | 131.00 | 175.00 | OK | |
r-patched-linux-x86_64 | 1.2.5 | 36.66 | 97.26 | 133.92 | OK | |
r-release-linux-x86_64 | 1.2.5 | 35.67 | 96.26 | 131.93 | OK | |
r-release-macos-arm64 | 1.2.5 | 68.00 | OK | |||
r-release-macos-x86_64 | 1.2.5 | 131.00 | OK | |||
r-release-windows-x86_64 | 1.2.5 | 43.00 | 127.00 | 170.00 | OK | |
r-oldrel-macos-arm64 | 1.2.5 | 57.00 | OK | |||
r-oldrel-macos-x86_64 | 1.2.5 | 75.00 | OK | |||
r-oldrel-windows-x86_64 | 1.2.5 | 54.00 | 164.00 | 218.00 | OK |
Version: 1.2.5
Check: CRAN incoming feasibility
Result: NOTE
Maintainer: ‘Rob Tibshirani <tibs@stanford.edu>’
No Authors@R field in DESCRIPTION.
Please add one, modifying
Authors@R: c(person(given = "Ryan",
family = "Tibshirani",
role = "aut"),
person(given = "Rob",
family = "Tibshirani",
role = c("aut", "cre"),
email = "tibs@stanford.edu"),
person(given = "Jonathan",
family = "Taylor",
role = "aut"),
person(given = "Joshua",
family = "Loftus",
role = "aut"),
person(given = "Stephen",
family = "Reid",
role = "aut"),
person(given = "Jelena",
family = "Markovic",
role = "aut"))
as necessary.
Flavors: r-devel-linux-x86_64-debian-clang, r-devel-linux-x86_64-debian-gcc