Last updated on 2024-07-27 01:53:23 CEST.
Flavor | Version | Tinstall | Tcheck | Ttotal | Status | Flags |
---|---|---|---|---|---|---|
r-devel-linux-x86_64-debian-clang | 3.1-15 | 25.96 | 142.92 | 168.88 | NOTE | |
r-devel-linux-x86_64-debian-gcc | 3.1-15 | 22.15 | 101.53 | 123.68 | NOTE | |
r-devel-linux-x86_64-fedora-clang | 3.1-15 | 207.65 | NOTE | |||
r-devel-linux-x86_64-fedora-gcc | 3.1-15 | 199.96 | NOTE | |||
r-devel-windows-x86_64 | 3.1-15 | 25.00 | 124.00 | 149.00 | NOTE | |
r-patched-linux-x86_64 | 3.1-15 | NOTE | ||||
r-release-linux-x86_64 | 3.1-15 | 25.02 | 131.18 | 156.20 | NOTE | |
r-release-macos-arm64 | 3.1-15 | 56.00 | NOTE | |||
r-release-macos-x86_64 | 3.1-15 | 82.00 | NOTE | |||
r-release-windows-x86_64 | 3.1-15 | 26.00 | 120.00 | 146.00 | NOTE | |
r-oldrel-macos-arm64 | 3.1-15 | 63.00 | OK | |||
r-oldrel-macos-x86_64 | 3.1-15 | 103.00 | OK | |||
r-oldrel-windows-x86_64 | 3.1-15 | 34.00 | 167.00 | 201.00 | OK |
Version: 3.1-15
Check: Rd files
Result: NOTE
checkRd: (-1) information.criteria.Rd:33: Lost braces
33 | \emph{Psychometrika} bold{52}, 345--370.
| ^
checkRd: (-1) specifyModel.Rd:49: Lost braces
49 | to specifying the ]code{file} argument or reading the model specification from
| ^
Flavors: r-devel-linux-x86_64-debian-clang, r-devel-linux-x86_64-debian-gcc, r-devel-linux-x86_64-fedora-clang, r-devel-linux-x86_64-fedora-gcc, r-devel-windows-x86_64, r-patched-linux-x86_64, r-release-linux-x86_64, r-release-macos-arm64, r-release-macos-x86_64, r-release-windows-x86_64
Version: 3.1-15
Check: Rd cross-references
Result: NOTE
Found the following Rd file(s) with Rd \link{} targets missing package
anchors:
miSem.Rd: mi, complete
Please provide package anchors for all Rd \link{} targets not in the
package itself and the base packages.
Flavors: r-devel-linux-x86_64-debian-gcc, r-devel-windows-x86_64