Last updated on 2024-07-27 01:53:23 CEST.
Flavor | Version | Tinstall | Tcheck | Ttotal | Status | Flags |
---|---|---|---|---|---|---|
r-devel-linux-x86_64-debian-clang | 1.1.6 | 30.86 | 203.92 | 234.78 | OK | |
r-devel-linux-x86_64-debian-gcc | 1.1.6 | 22.35 | 145.05 | 167.40 | NOTE | |
r-devel-linux-x86_64-fedora-clang | 1.1.6 | 283.27 | OK | |||
r-devel-linux-x86_64-fedora-gcc | 1.1.6 | 280.07 | OK | |||
r-devel-windows-x86_64 | 1.1.6 | 22.00 | 154.00 | 176.00 | NOTE | |
r-patched-linux-x86_64 | 1.1.6 | OK | ||||
r-release-linux-x86_64 | 1.1.6 | 16.57 | 193.48 | 210.05 | OK | |
r-release-macos-arm64 | 1.1.6 | 82.00 | OK | |||
r-release-macos-x86_64 | 1.1.6 | 126.00 | OK | |||
r-release-windows-x86_64 | 1.1.6 | 24.00 | 153.00 | 177.00 | OK | |
r-oldrel-macos-arm64 | 1.1.6 | 91.00 | OK | |||
r-oldrel-macos-x86_64 | 1.1.6 | 148.00 | OK | |||
r-oldrel-windows-x86_64 | 1.1.6 | 31.00 | 196.00 | 227.00 | OK |
Version: 1.1.6
Check: Rd cross-references
Result: NOTE
Found the following Rd file(s) with Rd \link{} targets missing package
anchors:
semPaths.Rd: qgraph.layout.fruchtermanreingold
Please provide package anchors for all Rd \link{} targets not in the
package itself and the base packages.
Flavors: r-devel-linux-x86_64-debian-gcc, r-devel-windows-x86_64