Last updated on 2024-07-27 01:53:23 CEST.
Flavor | Version | Tinstall | Tcheck | Ttotal | Status | Flags |
---|---|---|---|---|---|---|
r-devel-linux-x86_64-debian-clang | 0.3.0 | 7.86 | 79.07 | 86.93 | OK | |
r-devel-linux-x86_64-debian-gcc | 0.3.0 | 5.69 | 55.61 | 61.30 | NOTE | |
r-devel-linux-x86_64-fedora-clang | 0.3.0 | 104.34 | OK | |||
r-devel-linux-x86_64-fedora-gcc | 0.3.0 | 95.88 | OK | |||
r-devel-windows-x86_64 | 0.3.0 | 8.00 | 70.00 | 78.00 | NOTE | |
r-patched-linux-x86_64 | 0.3.0 | OK | ||||
r-release-linux-x86_64 | 0.3.0 | 8.20 | 74.10 | 82.30 | OK | |
r-release-macos-arm64 | 0.3.0 | 27.00 | OK | |||
r-release-macos-x86_64 | 0.3.0 | 44.00 | OK | |||
r-release-windows-x86_64 | 0.3.0 | 7.00 | 69.00 | 76.00 | OK | |
r-oldrel-macos-arm64 | 0.3.0 | 28.00 | OK | |||
r-oldrel-macos-x86_64 | 0.3.0 | 47.00 | OK | |||
r-oldrel-windows-x86_64 | 0.3.0 | 9.00 | 84.00 | 93.00 | OK |
Version: 0.3.0
Check: Rd cross-references
Result: NOTE
Found the following Rd file(s) with Rd \link{} targets missing package
anchors:
LogL.Rd: maxLik
ML.Rd: maxLik
coefs.sensmed.Rd: maxLik
grr.Rd: maxLik
hess.Rd: maxLik
sensmediation.Rd: maxLik
Please provide package anchors for all Rd \link{} targets not in the
package itself and the base packages.
Flavors: r-devel-linux-x86_64-debian-gcc, r-devel-windows-x86_64