Last updated on 2024-07-27 01:53:23 CEST.
Flavor | Version | Tinstall | Tcheck | Ttotal | Status | Flags |
---|---|---|---|---|---|---|
r-devel-linux-x86_64-debian-clang | 1.1.5 | 29.63 | 88.29 | 117.92 | OK | |
r-devel-linux-x86_64-debian-gcc | 1.1.5 | 19.56 | 66.87 | 86.43 | NOTE | |
r-devel-linux-x86_64-fedora-clang | 1.1.5 | 181.03 | OK | |||
r-devel-linux-x86_64-fedora-gcc | 1.1.5 | 160.24 | OK | |||
r-devel-windows-x86_64 | 1.1.5 | 27.00 | 110.00 | 137.00 | NOTE | |
r-patched-linux-x86_64 | 1.1.5 | OK | ||||
r-release-linux-x86_64 | 1.1.5 | 25.38 | 82.78 | 108.16 | OK | |
r-release-macos-arm64 | 1.1.5 | 47.00 | OK | |||
r-release-macos-x86_64 | 1.1.5 | 75.00 | OK | |||
r-release-windows-x86_64 | 1.1.5 | 32.00 | 111.00 | 143.00 | OK | |
r-oldrel-macos-arm64 | 1.1.5 | 55.00 | OK | |||
r-oldrel-macos-x86_64 | 1.1.5 | 103.00 | OK | |||
r-oldrel-windows-x86_64 | 1.1.5 | 35.00 | 133.00 | 168.00 | OK |
Version: 1.1.5
Check: Rd cross-references
Result: NOTE
Found the following Rd file(s) with Rd \link{} targets missing package
anchors:
sobol_dummy.Rd: boot
sobol_indices.Rd: boot
sobol_matrices.Rd: sobol, randomLHS
sobol_ode.Rd: ode
vars_matrices.Rd: sobol
Please provide package anchors for all Rd \link{} targets not in the
package itself and the base packages.
Flavors: r-devel-linux-x86_64-debian-gcc, r-devel-windows-x86_64