Last updated on 2024-07-27 01:53:23 CEST.
Flavor | Version | Tinstall | Tcheck | Ttotal | Status | Flags |
---|---|---|---|---|---|---|
r-devel-linux-x86_64-debian-clang | 0.30 | 3.12 | 37.95 | 41.07 | OK | |
r-devel-linux-x86_64-debian-gcc | 0.30 | 3.15 | 29.55 | 32.70 | NOTE | |
r-devel-linux-x86_64-fedora-clang | 0.30 | 55.84 | OK | |||
r-devel-linux-x86_64-fedora-gcc | 0.30 | 50.46 | OK | |||
r-devel-windows-x86_64 | 0.30 | 5.00 | 50.00 | 55.00 | NOTE | |
r-patched-linux-x86_64 | 0.30 | OK | ||||
r-release-linux-x86_64 | 0.30 | 3.55 | 35.96 | 39.51 | OK | |
r-release-macos-arm64 | 0.30 | 19.00 | OK | |||
r-release-macos-x86_64 | 0.30 | 31.00 | OK | |||
r-release-windows-x86_64 | 0.30 | 5.00 | 50.00 | 55.00 | OK | |
r-oldrel-macos-arm64 | 0.30 | 26.00 | OK | |||
r-oldrel-macos-x86_64 | 0.30 | 45.00 | OK | |||
r-oldrel-windows-x86_64 | 0.30 | 6.00 | 55.00 | 61.00 | OK |
Version: 0.30
Check: Rd cross-references
Result: NOTE
Found the following Rd file(s) with Rd \link{} targets missing package
anchors:
create_server.Rd: startServer
Please provide package anchors for all Rd \link{} targets not in the
package itself and the base packages.
Flavors: r-devel-linux-x86_64-debian-gcc, r-devel-windows-x86_64