Last updated on 2024-07-27 01:53:23 CEST.
Flavor | Version | Tinstall | Tcheck | Ttotal | Status | Flags |
---|---|---|---|---|---|---|
r-devel-linux-x86_64-debian-clang | 1.0-16 | 180.68 | 412.37 | 593.05 | OK | |
r-devel-linux-x86_64-debian-gcc | 1.0-16 | 137.39 | 294.26 | 431.65 | NOTE | |
r-devel-linux-x86_64-fedora-clang | 1.0-16 | 909.13 | NOTE | |||
r-devel-linux-x86_64-fedora-gcc | 1.0-16 | 779.50 | OK | |||
r-devel-windows-x86_64 | 1.0-16 | 167.00 | 891.00 | 1058.00 | NOTE | |
r-patched-linux-x86_64 | 1.0-16 | OK | ||||
r-release-linux-x86_64 | 1.0-16 | 173.41 | 392.02 | 565.43 | OK | |
r-release-macos-arm64 | 1.0-16 | 213.00 | NOTE | |||
r-release-macos-x86_64 | 1.0-16 | 329.00 | NOTE | |||
r-release-windows-x86_64 | 1.0-16 | 214.00 | 845.00 | 1059.00 | NOTE | |
r-oldrel-macos-arm64 | 1.0-16 | 224.00 | NOTE | |||
r-oldrel-macos-x86_64 | 1.0-16 | 516.00 | NOTE | |||
r-oldrel-windows-x86_64 | 1.0-16 | 204.00 | 958.00 | 1162.00 | NOTE |
Version: 1.0-16
Check: Rd cross-references
Result: NOTE
Found the following Rd file(s) with Rd \link{} targets missing package
anchors:
st_write.Rd: dbWriteTable
Please provide package anchors for all Rd \link{} targets not in the
package itself and the base packages.
Flavors: r-devel-linux-x86_64-debian-gcc, r-devel-windows-x86_64
Version: 1.0-16
Check: installed package size
Result: NOTE
installed size is 7.5Mb
sub-directories of 1Mb or more:
doc 1.7Mb
libs 1.1Mb
sqlite 1.5Mb
Flavors: r-devel-linux-x86_64-fedora-clang, r-devel-windows-x86_64, r-release-macos-arm64, r-release-macos-x86_64, r-release-windows-x86_64, r-oldrel-macos-arm64, r-oldrel-macos-x86_64, r-oldrel-windows-x86_64