Last updated on 2025-02-19 01:51:03 CET.
Flavor | Version | Tinstall | Tcheck | Ttotal | Status | Flags |
---|---|---|---|---|---|---|
r-devel-linux-x86_64-debian-clang | 1.0 | 143.87 | 176.89 | 320.76 | OK | |
r-devel-linux-x86_64-debian-gcc | 1.0 | 104.82 | 127.85 | 232.67 | OK | |
r-devel-linux-x86_64-fedora-clang | 1.0 | 583.72 | OK | |||
r-devel-linux-x86_64-fedora-gcc | 1.0 | 568.75 | OK | |||
r-devel-macos-x86_64 | 1.0 | 157.00 | OK | |||
r-devel-windows-x86_64 | 1.0 | 154.00 | 198.00 | 352.00 | OK | |
r-patched-linux-x86_64 | 1.0 | 151.26 | 164.35 | 315.61 | OK | |
r-release-linux-x86_64 | 1.0 | 139.96 | 161.19 | 301.15 | OK | |
r-release-macos-x86_64 | 1.0 | 162.00 | NOTE | |||
r-release-windows-x86_64 | 1.0 | 147.00 | 192.00 | 339.00 | OK | |
r-oldrel-macos-x86_64 | 1.0 | 194.00 | NOTE | |||
r-oldrel-windows-x86_64 | 1.0 | 132.00 | 250.00 | 382.00 | OK |
Version: 1.0
Check: installed package size
Result: NOTE
installed size is 11.2Mb
sub-directories of 1Mb or more:
libs 10.5Mb
Flavors: r-release-macos-x86_64, r-oldrel-macos-x86_64