Last updated on 2024-07-27 01:53:23 CEST.
Flavor | Version | Tinstall | Tcheck | Ttotal | Status | Flags |
---|---|---|---|---|---|---|
r-devel-linux-x86_64-debian-clang | 2.3 | 7.51 | 424.67 | 432.18 | OK | |
r-devel-linux-x86_64-debian-gcc | 2.3 | 7.23 | 283.05 | 290.28 | NOTE | |
r-devel-linux-x86_64-fedora-clang | 2.3 | 516.19 | OK | |||
r-devel-linux-x86_64-fedora-gcc | 2.3 | 487.34 | OK | |||
r-devel-windows-x86_64 | 2.3 | 9.00 | 284.00 | 293.00 | NOTE | |
r-patched-linux-x86_64 | 2.3 | OK | ||||
r-release-linux-x86_64 | 2.3 | 5.57 | 405.46 | 411.03 | OK | |
r-release-macos-arm64 | 2.3 | 128.00 | OK | |||
r-release-macos-x86_64 | 2.3 | 221.00 | OK | |||
r-release-windows-x86_64 | 2.3 | 9.00 | 273.00 | 282.00 | OK | |
r-oldrel-macos-arm64 | 2.3 | 131.00 | OK | |||
r-oldrel-macos-x86_64 | 2.3 | 269.00 | OK | |||
r-oldrel-windows-x86_64 | 2.3 | 13.00 | 354.00 | 367.00 | OK |
Version: 2.3
Check: Rd cross-references
Result: NOTE
Found the following Rd file(s) with Rd \link{} targets missing package
anchors:
classify_habitats.Rd: classIntervals
get_dist_pairs.Rd: pcf.ppp
pack_randomized.Rd: wrap
unpack_randomized.Rd: wrap
Please provide package anchors for all Rd \link{} targets not in the
package itself and the base packages.
Flavors: r-devel-linux-x86_64-debian-gcc, r-devel-windows-x86_64