Last updated on 2025-05-06 02:50:32 CEST.
Flavor | Version | Tinstall | Tcheck | Ttotal | Status | Flags |
---|---|---|---|---|---|---|
r-devel-linux-x86_64-debian-clang | 1.4 | 2.87 | 19.88 | 22.75 | NOTE | |
r-devel-linux-x86_64-debian-gcc | 1.4 | 2.24 | 16.03 | 18.27 | NOTE | |
r-devel-linux-x86_64-fedora-clang | 1.4 | 36.66 | OK | |||
r-devel-linux-x86_64-fedora-gcc | 1.4 | 33.22 | OK | |||
r-devel-windows-x86_64 | 1.4 | 6.00 | 45.00 | 51.00 | OK | |
r-patched-linux-x86_64 | 1.4 | 2.67 | 19.29 | 21.96 | OK | |
r-release-linux-x86_64 | 1.4 | 2.60 | 18.91 | 21.51 | OK | |
r-release-macos-arm64 | 1.4 | 18.00 | OK | |||
r-release-macos-x86_64 | 1.4 | 27.00 | OK | |||
r-release-windows-x86_64 | 1.4 | 6.00 | 47.00 | 53.00 | OK | |
r-oldrel-macos-arm64 | 1.4 | 17.00 | OK | |||
r-oldrel-macos-x86_64 | 1.4 | 23.00 | OK | |||
r-oldrel-windows-x86_64 | 1.4 | 6.00 | 50.00 | 56.00 | OK |
Version: 1.4
Check: CRAN incoming feasibility
Result: NOTE
Maintainer: ‘W.J. Braun <john.braun@ubc.ca>’
No Authors@R field in DESCRIPTION.
Please add one, modifying
Authors@R: c(person(given = c("W.", "John"),
family = "Braun",
role = "aut",
email = "john.braun@ubc.ca"),
person(given = "W.J.",
family = "Braun",
role = "cre",
email = "john.braun@ubc.ca"))
as necessary.
Flavors: r-devel-linux-x86_64-debian-clang, r-devel-linux-x86_64-debian-gcc