Last updated on 2024-07-27 01:53:23 CEST.
Flavor | Version | Tinstall | Tcheck | Ttotal | Status | Flags |
---|---|---|---|---|---|---|
r-devel-linux-x86_64-debian-clang | 1.8.1.1 | 40.10 | 176.44 | 216.54 | OK | |
r-devel-linux-x86_64-debian-gcc | 1.8.1.1 | 32.08 | 128.13 | 160.21 | NOTE | |
r-devel-linux-x86_64-fedora-clang | 1.8.1.1 | 265.79 | NOTE | |||
r-devel-linux-x86_64-fedora-gcc | 1.8.1.1 | 248.77 | OK | |||
r-devel-windows-x86_64 | 1.8.1.1 | 38.00 | 177.00 | 215.00 | NOTE | |
r-patched-linux-x86_64 | 1.8.1.1 | OK | ||||
r-release-linux-x86_64 | 1.8.1.1 | 38.96 | 169.14 | 208.10 | OK | |
r-release-macos-arm64 | 1.8.1.1 | 70.00 | NOTE | |||
r-release-macos-x86_64 | 1.8.1.1 | 120.00 | NOTE | |||
r-release-windows-x86_64 | 1.8.1.1 | 36.00 | 177.00 | 213.00 | NOTE | |
r-oldrel-macos-arm64 | 1.8.1.1 | 82.00 | NOTE | |||
r-oldrel-macos-x86_64 | 1.8.1.1 | 178.00 | NOTE | |||
r-oldrel-windows-x86_64 | 1.8.1.1 | 47.00 | 213.00 | 260.00 | NOTE |
Version: 1.8.1.1
Check: Rd cross-references
Result: NOTE
Found the following Rd file(s) with Rd \link{} targets missing package
anchors:
createRenderFunction.Rd: enquo0
reactive.Rd: quo
registerThemeDependency.Rd: htmlDependency
Please provide package anchors for all Rd \link{} targets not in the
package itself and the base packages.
Flavors: r-devel-linux-x86_64-debian-gcc, r-devel-windows-x86_64
Version: 1.8.1.1
Check: installed package size
Result: NOTE
installed size is 13.4Mb
sub-directories of 1Mb or more:
R 1.5Mb
www 10.4Mb
Flavors: r-devel-linux-x86_64-fedora-clang, r-devel-windows-x86_64, r-release-macos-arm64, r-release-macos-x86_64, r-release-windows-x86_64, r-oldrel-macos-arm64, r-oldrel-macos-x86_64, r-oldrel-windows-x86_64