Last updated on 2024-07-27 01:53:23 CEST.
Flavor | Version | Tinstall | Tcheck | Ttotal | Status | Flags |
---|---|---|---|---|---|---|
r-devel-linux-x86_64-debian-clang | 0.61.1 | 4.48 | 33.94 | 38.42 | OK | |
r-devel-linux-x86_64-debian-gcc | 0.61.1 | 2.94 | 26.25 | 29.19 | NOTE | |
r-devel-linux-x86_64-fedora-clang | 0.61.1 | 47.52 | OK | |||
r-devel-linux-x86_64-fedora-gcc | 0.61.1 | 45.05 | OK | |||
r-devel-windows-x86_64 | 0.61.1 | 5.00 | 51.00 | 56.00 | NOTE | |
r-patched-linux-x86_64 | 0.61.1 | OK | ||||
r-release-linux-x86_64 | 0.61.1 | 3.06 | 32.50 | 35.56 | OK | |
r-release-macos-arm64 | 0.61.1 | 19.00 | OK | |||
r-release-macos-x86_64 | 0.61.1 | 27.00 | OK | |||
r-release-windows-x86_64 | 0.61.1 | 6.00 | 50.00 | 56.00 | OK | |
r-oldrel-macos-arm64 | 0.61.1 | 20.00 | OK | |||
r-oldrel-macos-x86_64 | 0.61.1 | 28.00 | OK | |||
r-oldrel-windows-x86_64 | 0.61.1 | 6.00 | 56.00 | 62.00 | OK |
Version: 0.61.1
Check: Rd cross-references
Result: NOTE
Found the following Rd file(s) with Rd \link{} targets missing package
anchors:
Buttons.Rd: actionButton, checkboxInput
Collapses.Rd: tabsetPanel, shinyServer
Modals.Rd: tabPanel
Tooltips_and_Popovers.Rd: renderUI
bsButton.Rd: icon
bsExample.Rd: runApp
popify.Rd: renderUI
tipify.Rd: renderUI
updateButton.Rd: icon, submitButton
Please provide package anchors for all Rd \link{} targets not in the
package itself and the base packages.
Flavors: r-devel-linux-x86_64-debian-gcc, r-devel-windows-x86_64