Last updated on 2024-07-27 01:53:23 CEST.
Flavor | Version | Tinstall | Tcheck | Ttotal | Status | Flags |
---|---|---|---|---|---|---|
r-devel-linux-x86_64-debian-clang | 1.2.0 | 5.85 | 45.27 | 51.12 | OK | |
r-devel-linux-x86_64-debian-gcc | 1.2.0 | 4.37 | 34.82 | 39.19 | OK | |
r-devel-linux-x86_64-fedora-clang | 1.2.0 | 67.09 | NOTE | |||
r-devel-linux-x86_64-fedora-gcc | 1.2.0 | 58.91 | OK | |||
r-devel-windows-x86_64 | 1.2.0 | 8.00 | 54.00 | 62.00 | NOTE | |
r-patched-linux-x86_64 | 1.2.0 | OK | ||||
r-release-linux-x86_64 | 1.2.0 | 4.49 | 44.40 | 48.89 | OK | |
r-release-macos-arm64 | 1.2.0 | 24.00 | NOTE | |||
r-release-macos-x86_64 | 1.2.0 | 34.00 | NOTE | |||
r-release-windows-x86_64 | 1.2.0 | 7.00 | 53.00 | 60.00 | NOTE | |
r-oldrel-macos-arm64 | 1.2.0 | 26.00 | NOTE | |||
r-oldrel-macos-x86_64 | 1.2.0 | 40.00 | NOTE | |||
r-oldrel-windows-x86_64 | 1.2.0 | 9.00 | 61.00 | 70.00 | NOTE |
Version: 1.2.0
Check: installed package size
Result: NOTE
installed size is 7.8Mb
sub-directories of 1Mb or more:
www 7.6Mb
Flavors: r-devel-linux-x86_64-fedora-clang, r-devel-windows-x86_64, r-release-macos-arm64, r-release-macos-x86_64, r-release-windows-x86_64, r-oldrel-macos-arm64, r-oldrel-macos-x86_64, r-oldrel-windows-x86_64