CRAN Package Check Results for Package shinyInvoice

Last updated on 2025-11-13 01:50:34 CET.

Flavor Version Tinstall Tcheck Ttotal Status Flags
r-devel-linux-x86_64-debian-clang 0.0.5 6.33 55.60 61.93 NOTE
r-devel-linux-x86_64-debian-gcc 0.0.5 5.26 38.40 43.66 NOTE
r-devel-linux-x86_64-fedora-clang 0.0.5 15.00 75.42 90.42 NOTE
r-devel-linux-x86_64-fedora-gcc 0.0.5 17.00 69.95 86.95 NOTE
r-devel-windows-x86_64 0.0.5 11.00 63.00 74.00 NOTE
r-patched-linux-x86_64 0.0.5 6.59 49.48 56.07 NOTE
r-release-linux-x86_64 0.0.5 6.15 49.54 55.69 NOTE
r-release-macos-arm64 0.0.5 3.00 22.00 25.00 NOTE
r-release-macos-x86_64 0.0.5 6.00 42.00 48.00 NOTE
r-release-windows-x86_64 0.0.5 11.00 62.00 73.00 NOTE
r-oldrel-macos-arm64 0.0.5 3.00 23.00 26.00 OK
r-oldrel-macos-x86_64 0.0.5 5.00 41.00 46.00 OK
r-oldrel-windows-x86_64 0.0.5 12.00 78.00 90.00 OK

Check Details

Version: 0.0.5
Check: DESCRIPTION meta-information
Result: NOTE Missing dependency on R >= 4.1.0 because package code uses the pipe |> or function shorthand \(...) syntax added in R 4.1.0. File(s) using such syntax: ‘continue_sequence.R’ ‘get_exchange_rates.R’ Flavors: r-devel-linux-x86_64-debian-clang, r-devel-linux-x86_64-debian-gcc, r-devel-linux-x86_64-fedora-clang, r-devel-linux-x86_64-fedora-gcc, r-devel-windows-x86_64, r-patched-linux-x86_64, r-release-linux-x86_64, r-release-macos-arm64, r-release-macos-x86_64, r-release-windows-x86_64