Last updated on 2024-07-27 01:53:23 CEST.
Flavor | Version | Tinstall | Tcheck | Ttotal | Status | Flags |
---|---|---|---|---|---|---|
r-devel-linux-x86_64-debian-clang | 2.0.4 | 8.32 | 79.39 | 87.71 | OK | |
r-devel-linux-x86_64-debian-gcc | 2.0.4 | 6.32 | 60.50 | 66.82 | NOTE | |
r-devel-linux-x86_64-fedora-clang | 2.0.4 | 119.20 | OK | |||
r-devel-linux-x86_64-fedora-gcc | 2.0.4 | 120.86 | OK | |||
r-devel-windows-x86_64 | 2.0.4 | 11.00 | 118.00 | 129.00 | NOTE | |
r-patched-linux-x86_64 | 2.0.4 | OK | ||||
r-release-linux-x86_64 | 2.0.4 | 7.82 | 77.50 | 85.32 | OK | |
r-release-macos-arm64 | 2.0.4 | 84.00 | OK | |||
r-release-macos-x86_64 | 2.0.4 | 97.00 | OK | |||
r-release-windows-x86_64 | 2.0.4 | 9.00 | 118.00 | 127.00 | OK | |
r-oldrel-macos-arm64 | 2.0.4 | 79.00 | OK | |||
r-oldrel-macos-x86_64 | 2.0.4 | 119.00 | OK | |||
r-oldrel-windows-x86_64 | 2.0.4 | 10.00 | 118.00 | 128.00 | OK |
Version: 2.0.4
Check: Rd cross-references
Result: NOTE
Found the following Rd file(s) with Rd \link{} targets missing package
anchors:
sidebar.Rd: sidebarMenu, sidebarSearchForm
Please provide package anchors for all Rd \link{} targets not in the
package itself and the base packages.
Flavors: r-devel-linux-x86_64-debian-gcc, r-devel-windows-x86_64