Last updated on 2025-11-13 02:52:33 CET.
| Flavor | Version | Tinstall | Tcheck | Ttotal | Status | Flags |
|---|---|---|---|---|---|---|
| r-devel-linux-x86_64-debian-clang | 1-0 | 5.71 | 67.96 | 73.67 | NOTE | |
| r-devel-linux-x86_64-debian-gcc | 1-0 | 4.24 | 47.45 | 51.69 | NOTE | |
| r-devel-linux-x86_64-fedora-clang | 1-0 | 13.00 | 100.40 | 113.40 | OK | |
| r-devel-linux-x86_64-fedora-gcc | 1-0 | 24.00 | 92.23 | 116.23 | OK | |
| r-devel-windows-x86_64 | 1-0 | 11.00 | 76.00 | 87.00 | OK | |
| r-patched-linux-x86_64 | 1-0 | 5.55 | 63.29 | 68.84 | OK | |
| r-release-linux-x86_64 | 1-0 | 4.80 | 64.05 | 68.85 | OK | |
| r-release-macos-arm64 | 1-0 | 5.00 | 31.00 | 36.00 | OK | |
| r-release-macos-x86_64 | 1-0 | 6.00 | 62.00 | 68.00 | OK | |
| r-release-windows-x86_64 | 1-0 | 10.00 | 77.00 | 87.00 | OK | |
| r-oldrel-macos-arm64 | 1-0 | 4.00 | 27.00 | 31.00 | OK | |
| r-oldrel-macos-x86_64 | 1-0 | 5.00 | 45.00 | 50.00 | OK | |
| r-oldrel-windows-x86_64 | 1-0 | 12.00 | 90.00 | 102.00 | OK |
Version: 1-0
Check: CRAN incoming feasibility
Result: NOTE
Maintainer: ‘Binbin Lu <binbinlu@whu.edu.cn>’
No Authors@R field in DESCRIPTION.
Please add one, modifying
Authors@R: person(given = "Binbin",
family = "Lu",
role = c("aut", "cre"),
email = "binbinlu@whu.edu.cn")
as necessary.
Flavors: r-devel-linux-x86_64-debian-clang, r-devel-linux-x86_64-debian-gcc