CRAN Package Check Results for Package shutterplot

Last updated on 2025-05-05 01:51:03 CEST.

Flavor Version Tinstall Tcheck Ttotal Status Flags
r-devel-linux-x86_64-debian-clang 0.1.0 2.22 17.86 20.08 NOTE
r-devel-linux-x86_64-debian-gcc 0.1.0 1.71 14.41 16.12 NOTE
r-devel-linux-x86_64-fedora-clang 0.1.0 30.72 NOTE
r-devel-linux-x86_64-fedora-gcc 0.1.0 29.84 NOTE
r-devel-windows-x86_64 0.1.0 3.00 36.00 39.00 NOTE
r-patched-linux-x86_64 0.1.0 1.97 17.24 19.21 NOTE
r-release-linux-x86_64 0.1.0 2.14 17.27 19.41 NOTE
r-release-macos-arm64 0.1.0 14.00 NOTE
r-release-macos-x86_64 0.1.0 22.00 NOTE
r-release-windows-x86_64 0.1.0 3.00 38.00 41.00 NOTE
r-oldrel-macos-arm64 0.1.0 13.00 NOTE
r-oldrel-macos-x86_64 0.1.0 24.00 NOTE
r-oldrel-windows-x86_64 0.1.0 3.00 35.00 38.00 NOTE

Check Details

Version: 0.1.0
Check: CRAN incoming feasibility
Result: NOTE Maintainer: ‘Siddhanta Phuyal <siddhantaphuyal7159@gmail.com>’ No Authors@R field in DESCRIPTION. Please add one, modifying Authors@R: c(person(given = c("Siddhanta", "Phuyal", "Jyotirmoy", "Sarkar", "<jsarkar@iupui.edu>", "Mamunur", "Rashid"), family = "<mrashid@depauw.edu>", role = "aut", email = "mrashid@depauw.edu"), person(given = "Siddhanta", family = "Phuyal", role = "cre", email = "siddhantaphuyal7159@gmail.com")) as necessary. Flavors: r-devel-linux-x86_64-debian-clang, r-devel-linux-x86_64-debian-gcc

Version: 0.1.0
Check: Rd files
Result: NOTE checkRd: (-1) shutterplot.Rd:59: Lost braces; missing escapes or markup? 59 | \item{las}{numeric in {0,1,2,3}; the style of axis labels.' | ^ Flavors: r-devel-linux-x86_64-debian-clang, r-devel-linux-x86_64-debian-gcc, r-devel-linux-x86_64-fedora-clang, r-devel-linux-x86_64-fedora-gcc, r-devel-windows-x86_64, r-patched-linux-x86_64, r-release-linux-x86_64, r-release-macos-arm64, r-release-macos-x86_64, r-release-windows-x86_64, r-oldrel-macos-arm64, r-oldrel-macos-x86_64, r-oldrel-windows-x86_64

Version: 0.1.0
Check: LazyData
Result: NOTE 'LazyData' is specified without a 'data' directory Flavors: r-oldrel-macos-arm64, r-oldrel-macos-x86_64, r-oldrel-windows-x86_64