Last updated on 2025-05-07 01:50:13 CEST.
Flavor | Version | Tinstall | Tcheck | Ttotal | Status | Flags |
---|---|---|---|---|---|---|
r-devel-linux-x86_64-debian-clang | 0.91.5 | 1.65 | 18.25 | 19.90 | NOTE | |
r-devel-linux-x86_64-debian-gcc | 0.91.5 | 1.49 | 14.31 | 15.80 | NOTE | |
r-devel-linux-x86_64-fedora-clang | 0.91.5 | 32.20 | OK | |||
r-devel-linux-x86_64-fedora-gcc | 0.91.5 | 29.88 | OK | |||
r-devel-windows-x86_64 | 0.91.5 | 3.00 | 39.00 | 42.00 | OK | |
r-patched-linux-x86_64 | 0.91.5 | 1.85 | 17.60 | 19.45 | OK | |
r-release-linux-x86_64 | 0.91.5 | 1.78 | 17.61 | 19.39 | OK | |
r-release-macos-arm64 | 0.91.5 | 19.00 | OK | |||
r-release-macos-x86_64 | 0.91.5 | 24.00 | OK | |||
r-release-windows-x86_64 | 0.91.5 | 3.00 | 39.00 | 42.00 | OK | |
r-oldrel-macos-arm64 | 0.91.5 | 14.00 | OK | |||
r-oldrel-macos-x86_64 | 0.91.5 | 21.00 | OK | |||
r-oldrel-windows-x86_64 | 0.91.5 | 4.00 | 44.00 | 48.00 | OK |
Version: 0.91.5
Check: CRAN incoming feasibility
Result: NOTE
Maintainer: ‘Furkan Gursoy <furkan.gursoy@boun.edu.tr>’
The Description field contains
Networks. <arXiv:2012.05216>.
Please refer to arXiv e-prints via their arXiv DOI <doi:10.48550/arXiv.YYMM.NNNNN>.
Flavors: r-devel-linux-x86_64-debian-clang, r-devel-linux-x86_64-debian-gcc