CRAN Package Check Results for Package sigora

Last updated on 2025-11-20 03:50:24 CET.

Flavor Version Tinstall Tcheck Ttotal Status Flags
r-devel-linux-x86_64-debian-clang 3.1.1 2.23 47.57 49.80 NOTE
r-devel-linux-x86_64-debian-gcc 3.1.1 1.83 34.59 36.42 NOTE
r-devel-linux-x86_64-fedora-clang 3.1.1 75.72 NOTE
r-devel-linux-x86_64-fedora-gcc 3.1.1 13.00 107.80 120.80 NOTE
r-devel-windows-x86_64 3.1.1 7.00 72.00 79.00 NOTE
r-patched-linux-x86_64 3.1.1 2.57 45.24 47.81 NOTE
r-release-linux-x86_64 3.1.1 2.21 44.56 46.77 NOTE
r-release-macos-arm64 3.1.1 NOTE
r-release-macos-x86_64 3.1.1 2.00 75.00 77.00 NOTE
r-release-windows-x86_64 3.1.1 3.00 72.00 75.00 NOTE
r-oldrel-macos-arm64 3.1.1 NOTE
r-oldrel-macos-x86_64 3.1.1 2.00 66.00 68.00 NOTE
r-oldrel-windows-x86_64 3.1.1 4.00 80.00 84.00 NOTE

Check Details

Version: 3.1.1
Check: CRAN incoming feasibility
Result: NOTE Maintainer: ‘Witold Wolski <wew@fgcz.ethz.ch>’ Package CITATION file contains call(s) to old-style personList() or as.personList(). Please use c() on person objects instead. Package CITATION file contains call(s) to old-style citEntry(). Please use bibentry() instead. Flavors: r-devel-linux-x86_64-debian-clang, r-devel-linux-x86_64-debian-gcc

Version: 3.1.1
Check: package subdirectories
Result: NOTE Problems with news in ‘NEWS.md’: No news entries found. Flavors: r-devel-linux-x86_64-debian-clang, r-devel-linux-x86_64-debian-gcc, r-devel-linux-x86_64-fedora-clang, r-devel-linux-x86_64-fedora-gcc, r-devel-windows-x86_64, r-patched-linux-x86_64, r-release-linux-x86_64, r-release-macos-arm64, r-release-macos-x86_64, r-release-windows-x86_64, r-oldrel-macos-arm64, r-oldrel-macos-x86_64, r-oldrel-windows-x86_64