Last updated on 2025-11-19 01:49:02 CET.
| Flavor | Version | Tinstall | Tcheck | Ttotal | Status | Flags |
|---|---|---|---|---|---|---|
| r-devel-linux-x86_64-debian-clang | 0.1.1 | 4.62 | 84.95 | 89.57 | NOTE | |
| r-devel-linux-x86_64-debian-gcc | 0.1.1 | 3.17 | 61.57 | 64.74 | NOTE | |
| r-devel-linux-x86_64-fedora-clang | 0.1.1 | 10.00 | 126.08 | 136.08 | OK | |
| r-devel-linux-x86_64-fedora-gcc | 0.1.1 | 18.00 | 134.75 | 152.75 | OK | |
| r-devel-windows-x86_64 | 0.1.1 | 9.00 | 92.00 | 101.00 | OK | |
| r-patched-linux-x86_64 | 0.1.1 | 4.04 | 79.74 | 83.78 | OK | |
| r-release-linux-x86_64 | 0.1.1 | 3.79 | 79.31 | 83.10 | OK | |
| r-release-macos-arm64 | 0.1.1 | 2.00 | 44.00 | 46.00 | OK | |
| r-release-macos-x86_64 | 0.1.1 | 3.00 | 72.00 | 75.00 | OK | |
| r-release-windows-x86_64 | 0.1.1 | 7.00 | 94.00 | 101.00 | OK | |
| r-oldrel-macos-arm64 | 0.1.1 | 2.00 | 45.00 | 47.00 | OK | |
| r-oldrel-macos-x86_64 | 0.1.1 | 3.00 | 71.00 | 74.00 | OK | |
| r-oldrel-windows-x86_64 | 0.1.1 | 9.00 | 117.00 | 126.00 | OK |
Version: 0.1.1
Check: CRAN incoming feasibility
Result: NOTE
Maintainer: ‘Luke Miratrix <lmiratrix@g.harvard.edu>’
The Description field contains
<arXiv:2002.05746>. This package provides methods for fitting ITS
Please refer to arXiv e-prints via their arXiv DOI <doi:10.48550/arXiv.YYMM.NNNNN>.
Flavors: r-devel-linux-x86_64-debian-clang, r-devel-linux-x86_64-debian-gcc