Last updated on 2025-05-06 02:50:32 CEST.
Flavor | Version | Tinstall | Tcheck | Ttotal | Status | Flags |
---|---|---|---|---|---|---|
r-devel-linux-x86_64-debian-clang | 0.9-0 | 6.35 | 79.95 | 86.30 | NOTE | |
r-devel-linux-x86_64-debian-gcc | 0.9-0 | 5.41 | 56.22 | 61.63 | NOTE | |
r-devel-linux-x86_64-fedora-clang | 0.9-0 | 139.44 | OK | |||
r-devel-linux-x86_64-fedora-gcc | 0.9-0 | 143.49 | OK | |||
r-devel-windows-x86_64 | 0.9-0 | 11.00 | 138.00 | 149.00 | OK | |
r-patched-linux-x86_64 | 0.9-0 | 8.47 | 76.86 | 85.33 | OK | |
r-release-linux-x86_64 | 0.9-0 | 6.35 | 76.03 | 82.38 | OK | |
r-release-macos-arm64 | 0.9-0 | 83.00 | OK | |||
r-release-macos-x86_64 | 0.9-0 | 130.00 | OK | |||
r-release-windows-x86_64 | 0.9-0 | 10.00 | 142.00 | 152.00 | OK | |
r-oldrel-macos-arm64 | 0.9-0 | 81.00 | OK | |||
r-oldrel-macos-x86_64 | 0.9-0 | 140.00 | OK | |||
r-oldrel-windows-x86_64 | 0.9-0 | 13.00 | 152.00 | 165.00 | OK |
Version: 0.9-0
Check: DESCRIPTION meta-information
Result: NOTE
Author field differs from that derived from Authors@R
Author: ‘Thomas Petzoldt [aut, cre] (<https://orcid.org/0000-0002-4951-6468>, 042aqky30)’
Authors@R: ‘Thomas Petzoldt [aut, cre] (ORCID: <https://orcid.org/0000-0002-4951-6468>, ROR: <https://ror.org/042aqky30>)’
Flavors: r-devel-linux-x86_64-debian-clang, r-devel-linux-x86_64-debian-gcc