Last updated on 2024-07-27 01:53:23 CEST.
Flavor | Version | Tinstall | Tcheck | Ttotal | Status | Flags |
---|---|---|---|---|---|---|
r-devel-linux-x86_64-debian-clang | 0.1.0 | 3.30 | 83.57 | 86.87 | OK | |
r-devel-linux-x86_64-debian-gcc | 0.1.0 | 2.40 | 61.88 | 64.28 | OK | |
r-devel-linux-x86_64-fedora-clang | 0.1.0 | 113.86 | NOTE | |||
r-devel-linux-x86_64-fedora-gcc | 0.1.0 | 117.27 | NOTE | |||
r-devel-windows-x86_64 | 0.0.5 | 6.00 | 93.00 | 99.00 | OK | |
r-patched-linux-x86_64 | 0.1.0 | OK | ||||
r-release-linux-x86_64 | 0.0.5 | 3.11 | 97.13 | 100.24 | OK | |
r-release-macos-arm64 | 0.1.0 | 43.00 | OK | |||
r-release-macos-x86_64 | 0.1.0 | 125.00 | OK | |||
r-release-windows-x86_64 | 0.1.0 | 5.00 | 84.00 | 89.00 | OK | |
r-oldrel-macos-arm64 | 0.1.0 | 63.00 | ERROR | |||
r-oldrel-macos-x86_64 | 0.1.0 | 127.00 | ERROR | |||
r-oldrel-windows-x86_64 | 0.1.0 | 6.00 | 88.00 | 94.00 | OK |
Version: 0.1.0
Check: data for non-ASCII characters
Result: NOTE
Note: found 1 marked UTF-8 string
Flavors: r-devel-linux-x86_64-fedora-clang, r-devel-linux-x86_64-fedora-gcc
Version: 0.1.0
Check: running R code from vignettes
Result: ERROR
Errors in running code in vignettes:
when running code in ‘simodels.Rmd’
...
> library(ggplot2)
> library(sf)
Linking to GEOS 3.11.0, GDAL 3.5.3, PROJ 9.1.0; sf_use_s2() is TRUE
> dim(zones_aus)
When sourcing ‘simodels.R’:
Error: object 'zones_aus' not found
Execution halted
‘simodels.Rmd’ using ‘UTF-8’... failed
‘sims-first-principles.Rmd’ using ‘UTF-8’... [11s/13s] OK
Flavor: r-oldrel-macos-arm64
Version: 0.1.0
Check: running R code from vignettes
Result: ERROR
Errors in running code in vignettes:
when running code in ‘simodels.Rmd’
...
> library(ggplot2)
> library(sf)
Linking to GEOS 3.11.0, GDAL 3.5.3, PROJ 9.1.0; sf_use_s2() is TRUE
> dim(zones_aus)
When sourcing ‘simodels.R’:
Error: object 'zones_aus' not found
Execution halted
‘simodels.Rmd’ using ‘UTF-8’... failed
‘sims-first-principles.Rmd’ using ‘UTF-8’... [21s/32s] OK
Flavor: r-oldrel-macos-x86_64