CRAN Package Check Results for Package simplegraphdb

Last updated on 2025-11-20 03:50:24 CET.

Flavor Version Tinstall Tcheck Ttotal Status Flags
r-devel-linux-x86_64-debian-clang 2021.03.10 3.75 38.34 42.09 OK
r-devel-linux-x86_64-debian-gcc 2021.03.10 3.13 29.57 32.70 OK
r-devel-linux-x86_64-fedora-clang 2021.03.10 63.89 NOTE
r-devel-linux-x86_64-fedora-gcc 2021.03.10 17.00 46.08 63.08 NOTE
r-devel-windows-x86_64 2021.03.10 6.00 54.00 60.00 OK
r-patched-linux-x86_64 2021.03.10 3.25 35.85 39.10 OK
r-release-linux-x86_64 2021.03.10 3.84 35.83 39.67 OK
r-release-macos-arm64 2021.03.10 OK
r-release-macos-x86_64 2021.03.10 4.00 37.00 41.00 OK
r-release-windows-x86_64 2021.03.10 6.00 55.00 61.00 OK
r-oldrel-macos-arm64 2021.03.10 NOTE
r-oldrel-macos-x86_64 2021.03.10 3.00 29.00 32.00 NOTE
r-oldrel-windows-x86_64 2021.03.10 7.00 67.00 74.00 NOTE

Check Details

Version: 2021.03.10
Check: dependencies in R code
Result: NOTE Namespace in Imports field not imported from: ‘DBI’ All declared Imports should be used. Flavors: r-devel-linux-x86_64-fedora-clang, r-devel-linux-x86_64-fedora-gcc

Version: 2021.03.10
Check: LazyData
Result: NOTE 'LazyData' is specified without a 'data' directory Flavors: r-oldrel-macos-arm64, r-oldrel-macos-x86_64, r-oldrel-windows-x86_64