Last updated on 2025-11-06 01:50:26 CET.
| Flavor | Version | Tinstall | Tcheck | Ttotal | Status | Flags |
|---|---|---|---|---|---|---|
| r-devel-linux-x86_64-debian-clang | 0.9.0 | 16.94 | 337.54 | 354.48 | OK | |
| r-devel-linux-x86_64-debian-gcc | 0.9.0 | 13.22 | 219.57 | 232.79 | OK | |
| r-devel-linux-x86_64-fedora-clang | 0.9.0 | 89.00 | 489.39 | 578.39 | OK | |
| r-devel-linux-x86_64-fedora-gcc | 0.9.0 | 44.00 | 436.87 | 480.87 | OK | |
| r-devel-windows-x86_64 | 0.9.0 | 25.00 | 330.00 | 355.00 | OK | |
| r-patched-linux-x86_64 | 0.9.0 | 19.95 | 304.47 | 324.42 | ERROR | |
| r-release-linux-x86_64 | 0.9.0 | 20.75 | 306.26 | 327.01 | OK | |
| r-release-macos-arm64 | 0.9.0 | 10.00 | 139.00 | 149.00 | OK | |
| r-release-macos-x86_64 | 0.9.0 | 14.00 | 321.00 | 335.00 | OK | |
| r-release-windows-x86_64 | 0.9.0 | 24.00 | 327.00 | 351.00 | OK | |
| r-oldrel-macos-arm64 | 0.9.0 | 8.00 | 140.00 | 148.00 | OK | |
| r-oldrel-macos-x86_64 | 0.9.0 | 13.00 | 286.00 | 299.00 | OK | |
| r-oldrel-windows-x86_64 | 0.9.0 | 30.00 | 451.00 | 481.00 | OK |
Version: 0.9.0
Check: tests
Result: ERROR
Running ‘testthat.R’ [18s/21s]
Running the tests in ‘tests/testthat.R’ failed.
Complete output:
> library(testthat)
> library(hedgehog)
> library(simstudy)
>
> data.table::setDTthreads(2) # added to solve CRAN issue
> test_check("simstudy")
[ FAIL 1 | WARN 0 | SKIP 307 | PASS 214 ]
══ Skipped tests (307) ═════════════════════════════════════════════════════════
• On CRAN (307): 'test-actual-distributions.R:6:3',
'test-actual-distributions.R:28:3', 'test-add_data.R:7:3',
'test-add_data.R:14:3', 'test-add_data.R:29:3', 'test-add_data.R:36:3',
'test-add_data.R:45:3', 'test-add_data.R:59:3', 'test-add_data.R:73:3',
'test-add_data.R:106:3', 'test-add_data.R:149:3', 'test-add_data.R:181:3',
'test-add_data.R:224:3', 'test-add_data.R:245:3', 'test-add_data.R:267:3',
'test-add_data.R:285:3', 'test-add_data.R:299:3', 'test-add_data.R:313:3',
'test-add_data.R:326:3', 'test-add_data.R:346:3', 'test-add_data.R:374:3',
'test-add_data.R:391:3', 'test-add_data.R:411:3', 'test-asserts.R:7:3',
'test-asserts.R:18:3', 'test-asserts.R:25:3', 'test-asserts.R:34:3',
'test-asserts.R:44:3', 'test-asserts.R:55:3', 'test-asserts.R:62:3',
'test-asserts.R:69:3', 'test-asserts.R:76:3', 'test-asserts.R:83:3',
'test-asserts.R:90:3', 'test-asserts.R:99:3', 'test-asserts.R:108:3',
'test-asserts.R:117:3', 'test-asserts.R:126:3', 'test-asserts.R:137:3',
'test-asserts.R:144:3', 'test-asserts.R:158:3', 'test-asserts.R:174:3',
'test-asserts.R:188:3', 'test-asserts.R:206:3', 'test-asserts.R:224:3',
'test-asserts.R:235:3', 'test-asserts.R:246:3', 'test-asserts.R:257:3',
'test-asserts.R:268:3', 'test-asserts.R:277:3', 'test-asserts.R:285:3',
'test-asserts.R:297:3', 'test-asserts.R:307:3', 'test-asserts.R:326:3',
'test-asserts.R:334:3', 'test-conditions.R:6:3', 'test-conditions.R:19:3',
'test-define_data.R:12:3', 'test-define_data.R:24:3',
'test-define_data.R:36:3', 'test-define_data.R:48:3',
'test-define_data.R:60:3', 'test-define_data.R:72:3',
'test-define_data.R:84:3', 'test-define_data.R:95:3',
'test-define_data.R:106:3', 'test-define_data.R:117:3',
'test-define_data.R:131:3', 'test-define_data.R:146:3',
'test-define_data.R:161:3', 'test-define_data.R:174:3',
'test-define_data.R:187:3', 'test-define_data.R:200:3',
'test-define_data.R:214:3', 'test-define_data.R:229:3',
'test-define_data.R:244:3', 'test-define_data.R:261:3',
'test-define_data.R:269:3', 'test-define_data.R:280:3',
'test-define_data.R:297:3', 'test-define_data.R:305:3',
'test-define_data.R:313:3', 'test-define_data.R:338:3',
'test-define_data.R:348:3', 'test-define_data.R:366:3',
'test-define_data.R:381:3', 'test-define_data.R:394:3',
'test-define_data.R:412:3', 'test-define_data.R:434:3',
'test-define_data.R:441:3', 'test-define_data.R:456:3',
'test-define_data.R:471:3', 'test-define_data.R:493:3',
'test-define_data.R:515:3', 'test-define_data.R:544:3',
'test-define_data.R:558:3', 'test-define_data.R:576:3',
'test-define_data.R:597:3', 'test-define_data.R:619:3',
'test-define_data.R:648:3', 'test-define_data.R:662:3',
'test-define_data.R:673:3', 'test-define_data.R:695:3',
'test-define_data.R:713:3', 'test-define_data.R:731:3',
'test-define_data.R:747:3', 'test-define_data.R:758:3',
'test-define_data.R:767:3', 'test-define_data.R:779:3',
'test-define_data.R:799:3', 'test-define_data.R:817:3',
'test-define_data.R:833:3', 'test-define_data.R:845:3',
'test-define_data.R:860:3', 'test-define_data.R:872:3',
'test-define_data.R:885:3', 'test-define_data.R:899:3',
'test-define_data.R:907:3', 'test-define_data.R:921:3',
'test-define_data.R:931:3', 'test-define_data.R:942:3',
'test-define_data.R:950:3', 'test-define_data.R:978:3',
'test-define_data.R:993:3', 'test-define_data.R:1005:3',
'test-define_data.R:1029:3', 'test-define_data.R:1053:3',
'test-define_data.R:1060:3', 'test-define_data.R:1075:3',
'test-define_data.R:1087:3', 'test-generate_correlated_data.R:8:3',
'test-generate_correlated_data.R:24:3',
'test-generate_correlated_data.R:63:3',
'test-generate_correlated_data.R:100:3',
'test-generate_correlated_data.R:121:3',
'test-generate_correlated_data.R:151:3',
'test-generate_correlated_data.R:211:3',
'test-generate_correlated_data.R:230:3',
'test-generate_correlated_data.R:255:3',
'test-generate_correlated_data.R:332:3',
'test-generate_correlated_data.R:352:3',
'test-generate_correlated_data.R:419:3',
'test-generate_correlated_data.R:1532:3',
'test-generate_correlated_data.R:1594:3',
'test-generate_correlated_data.R:1644:3',
'test-generate_correlated_data.R:1681:3', 'test-generate_data.R:7:3',
'test-generate_data.R:38:3', 'test-generate_data.R:52:3',
'test-generate_data.R:119:3', 'test-generate_data.R:169:3',
'test-generate_data.R:227:3', 'test-generate_data.R:233:3',
'test-generate_data.R:251:3', 'test-generate_data.R:280:3',
'test-generate_data.R:306:3', 'test-generate_data.R:343:3',
'test-generate_data.R:400:3', 'test-generate_data.R:415:3',
'test-generate_data.R:434:3', 'test-generate_data.R:465:3',
'test-generate_data.R:554:3', 'test-generate_data.R:572:3',
'test-generate_data.R:673:3', 'test-generate_data.R:702:3',
'test-generate_data.R:734:3', 'test-generate_data.R:757:3',
'test-generate_data.R:784:3', 'test-generate_data.R:813:3',
'test-generate_data.R:847:3', 'test-generate_data.R:897:3',
'test-generate_data.R:987:3', 'test-generate_data.R:1040:3',
'test-generate_dist.R:7:3', 'test-generate_dist.R:32:3',
'test-generate_dist.R:57:3', 'test-generate_dist.R:71:3',
'test-generate_dist.R:97:3', 'test-generate_dist.R:111:3',
'test-generate_dist.R:129:3', 'test-generate_dist.R:144:3',
'test-generate_dist.R:149:3', 'test-generate_dist.R:162:3',
'test-generate_dist.R:182:3', 'test-generate_dist.R:211:3',
'test-generate_dist.R:233:3', 'test-generate_dist.R:279:3',
'test-generate_dist.R:321:3', 'test-generate_dist.R:367:3',
'test-generate_dist.R:404:3', 'test-generate_dist.R:421:3',
'test-generate_dist.R:436:3', 'test-generate_dist.R:451:3',
'test-generate_dist.R:473:3', 'test-generate_dist.R:495:3',
'test-generate_dist.R:539:3', 'test-generate_dist.R:561:3',
'test-generate_dist.R:587:3', 'test-generate_dist.R:625:3',
'test-generate_dist.R:659:3', 'test-generate_dist.R:693:3',
'test-generate_dist.R:723:3', 'test-generate_dist.R:765:3',
'test-generate_dist.R:791:3', 'test-generate_dist.R:806:3',
'test-generate_dist.R:821:3', 'test-glue.R:8:3', 'test-glue.R:24:3',
'test-glue.R:33:3', 'test-group_data.R:7:3', 'test-group_data.R:73:3',
'test-group_data.R:88:3', 'test-group_data.R:106:3',
'test-group_data.R:117:3', 'test-group_data.R:129:3',
'test-group_data.R:142:3', 'test-group_data.R:156:3',
'test-group_data.R:170:3', 'test-group_data.R:182:3',
'test-group_data.R:194:3', 'test-group_data.R:206:3',
'test-group_data.R:221:3', 'test-group_data.R:238:3',
'test-group_data.R:258:3', 'test-group_data.R:290:3',
'test-group_data.R:313:3', 'test-group_data.R:337:3',
'test-group_data.R:360:3', 'test-group_data.R:368:3',
'test-group_data.R:387:3', 'test-group_data.R:406:3',
'test-group_data.R:425:3', 'test-group_data.R:459:3',
'test-group_data.R:485:3', 'test-group_data.R:511:3',
'test-group_data.R:557:3', 'test-group_data.R:590:3',
'test-group_data.R:603:3', 'test-group_data.R:617:3',
'test-group_data.R:632:3', 'test-group_data.R:642:3',
'test-group_data.R:658:3', 'test-group_data.R:673:3',
'test-group_data.R:682:3', 'test-group_data.R:691:3',
'test-group_data.R:703:3', 'test-group_data.R:714:3',
'test-group_data.R:727:3', 'test-group_data.R:744:3',
'test-group_data.R:764:3', 'test-group_data.R:777:3',
'test-group_data.R:785:3', 'test-group_data.R:796:3',
'test-internal_utility.R:7:3', 'test-internal_utility.R:20:3',
'test-internal_utility.R:36:3', 'test-internal_utility.R:45:3',
'test-internal_utility.R:54:3', 'test-internal_utility.R:66:3',
'test-internal_utility.R:86:3', 'test-internal_utility.R:92:3',
'test-internal_utility.R:103:3', 'test-internal_utility.R:118:3',
'test-internal_utility.R:130:3', 'test-internal_utility.R:142:3',
'test-internal_utility.R:153:3', 'test-internal_utility.R:195:3',
'test-missing_data.R:192:3', 'test-missing_data.R:250:3',
'test-survival.R:8:3', 'test-survival.R:35:3', 'test-survival.R:48:3',
'test-survival.R:72:3', 'test-survival.R:91:3', 'test-survival.R:102:3',
'test-utility.R:11:3', 'test-utility.R:21:3', 'test-utility.R:46:3',
'test-utility.R:62:3', 'test-utility.R:72:3', 'test-utility.R:78:3',
'test-utility.R:84:3', 'test-utility.R:94:3', 'test-utility.R:106:3',
'test-utility.R:120:3', 'test-utility.R:130:3', 'test-utility.R:137:3',
'test-utility.R:155:3', 'test-utility.R:229:3', 'test-utility.R:256:3',
'test-utility.R:263:3', 'test-utility.R:269:3', 'test-utility.R:292:3',
'test-utility.R:298:3', 'test-utility.R:307:3', 'test-utility.R:366:3',
'test-utility.R:375:3', 'test-utility.R:383:3', 'test-utility.R:392:3',
'test-utility.R:401:3', 'test-utility.R:410:3', 'test-utility.R:420:3',
'test-utility.R:426:3', 'test-utility.R:432:3', 'test-utility.R:438:3',
'test-utility.R:444:3', 'test-utility.R:450:1'
══ Failed tests ════════════════════════════════════════════════════════════════
── Failure ('test-generate_correlated_data.R:1128:3'): ep method work ──────────
`obs_cor` not equal to `cor_matrix`.
2/9 mismatches (average diff: 0.105)
[6] 0.195 - 0.3 == -0.105
[8] 0.195 - 0.3 == -0.105
[ FAIL 1 | WARN 0 | SKIP 307 | PASS 214 ]
Error: Test failures
Execution halted
Flavor: r-patched-linux-x86_64