CRAN Package Check Results for Package sinib

Last updated on 2025-05-07 01:50:14 CEST.

Flavor Version Tinstall Tcheck Ttotal Status Flags
r-devel-linux-x86_64-debian-clang 1.0.0 1.93 19.37 21.30 NOTE
r-devel-linux-x86_64-debian-gcc 1.0.0 1.46 15.92 17.38 NOTE
r-devel-linux-x86_64-fedora-clang 1.0.0 33.32 OK
r-devel-linux-x86_64-fedora-gcc 1.0.0 31.84 OK
r-devel-windows-x86_64 1.0.0 3.00 37.00 40.00 OK
r-patched-linux-x86_64 1.0.0 1.62 18.57 20.19 OK
r-release-linux-x86_64 1.0.0 1.53 18.78 20.31 OK
r-release-macos-arm64 1.0.0 16.00 OK
r-release-macos-x86_64 1.0.0 24.00 OK
r-release-windows-x86_64 1.0.0 2.00 39.00 41.00 OK
r-oldrel-macos-arm64 1.0.0 16.00 OK
r-oldrel-macos-x86_64 1.0.0 20.00 OK
r-oldrel-windows-x86_64 1.0.0 2.00 37.00 39.00 OK

Check Details

Version: 1.0.0
Check: CRAN incoming feasibility
Result: NOTE Maintainer: ‘Boxiang Liu <jollier.liu@gmail.com>’ No Authors@R field in DESCRIPTION. Please add one, modifying Authors@R: person(given = "Boxiang", family = "Liu", role = c("aut", "cre"), email = "jollier.liu@gmail.com") as necessary. Flavors: r-devel-linux-x86_64-debian-clang, r-devel-linux-x86_64-debian-gcc