Last updated on 2024-07-27 01:53:23 CEST.
Flavor | Version | Tinstall | Tcheck | Ttotal | Status | Flags |
---|---|---|---|---|---|---|
r-devel-linux-x86_64-debian-clang | 0.48 | 16.93 | 142.84 | 159.77 | OK | |
r-devel-linux-x86_64-debian-gcc | 0.48 | 13.81 | 104.80 | 118.61 | NOTE | |
r-devel-linux-x86_64-fedora-clang | 0.48 | 206.28 | OK | |||
r-devel-linux-x86_64-fedora-gcc | 0.48 | 188.71 | OK | |||
r-devel-windows-x86_64 | 0.48 | 15.00 | 115.00 | 130.00 | NOTE | |
r-patched-linux-x86_64 | 0.48 | OK | ||||
r-release-linux-x86_64 | 0.48 | 17.33 | 133.47 | 150.80 | OK | |
r-release-macos-arm64 | 0.48 | 53.00 | OK | |||
r-release-macos-x86_64 | 0.48 | 80.00 | OK | |||
r-release-windows-x86_64 | 0.48 | 15.00 | 117.00 | 132.00 | OK | |
r-oldrel-macos-arm64 | 0.48 | 61.00 | OK | |||
r-oldrel-macos-x86_64 | 0.48 | 100.00 | OK | |||
r-oldrel-windows-x86_64 | 0.48 | 20.00 | 145.00 | 165.00 | OK |
Version: 0.48
Check: Rd cross-references
Result: NOTE
Found the following Rd file(s) with Rd \link{} targets missing package
anchors:
bootMSE.Rd: boot
plot.sisal.Rd: draw.colorkey
sisal.Rd: magic
Please provide package anchors for all Rd \link{} targets not in the
package itself and the base packages.
Flavors: r-devel-linux-x86_64-debian-gcc, r-devel-windows-x86_64