Last updated on 2025-11-13 02:52:33 CET.
| Flavor | Version | Tinstall | Tcheck | Ttotal | Status | Flags |
|---|---|---|---|---|---|---|
| r-devel-linux-x86_64-debian-clang | 0.2.0 | 9.74 | 104.47 | 114.21 | NOTE | |
| r-devel-linux-x86_64-debian-gcc | 0.2.0 | 6.94 | 75.53 | 82.47 | NOTE | |
| r-devel-linux-x86_64-fedora-clang | 0.2.0 | 27.00 | 142.98 | 169.98 | OK | |
| r-devel-linux-x86_64-fedora-gcc | 0.2.0 | 65.00 | 123.59 | 188.59 | OK | |
| r-devel-windows-x86_64 | 0.2.0 | 14.00 | 213.00 | 227.00 | OK | |
| r-patched-linux-x86_64 | 0.2.0 | 12.30 | 96.90 | 109.20 | OK | |
| r-release-linux-x86_64 | 0.2.0 | 8.20 | 96.29 | 104.49 | OK | |
| r-release-macos-arm64 | 0.2.0 | 5.00 | 60.00 | 65.00 | OK | |
| r-release-macos-x86_64 | 0.2.0 | 9.00 | 119.00 | 128.00 | OK | |
| r-release-windows-x86_64 | 0.2.0 | 16.00 | 216.00 | 232.00 | OK | |
| r-oldrel-macos-arm64 | 0.2.0 | 5.00 | 73.00 | 78.00 | OK | |
| r-oldrel-macos-x86_64 | 0.2.0 | 9.00 | 98.00 | 107.00 | OK | |
| r-oldrel-windows-x86_64 | 0.2.0 | 16.00 | 242.00 | 258.00 | OK |
Version: 0.2.0
Check: DESCRIPTION meta-information
Result: NOTE
Author field differs from that derived from Authors@R
Author: ‘Sean Kross [aut], Scott Chamberlain [aut, cre] (<https://orcid.org/0000-0003-1444-9135>), Fred Hutchinson Cancer Center [fnd] (007ps6h72)’
Authors@R: ‘Sean Kross [aut], Scott Chamberlain [aut, cre] (ORCID: <https://orcid.org/0000-0003-1444-9135>), Fred Hutchinson Cancer Center [fnd] (ROR: <https://ror.org/007ps6h72>)’
Flavors: r-devel-linux-x86_64-debian-clang, r-devel-linux-x86_64-debian-gcc