Last updated on 2025-11-19 01:49:03 CET.
| Flavor | Version | Tinstall | Tcheck | Ttotal | Status | Flags |
|---|---|---|---|---|---|---|
| r-devel-linux-x86_64-debian-clang | 1.0.7 | 10.70 | 134.33 | 145.03 | NOTE | |
| r-devel-linux-x86_64-debian-gcc | 1.0.7 | 9.74 | 104.12 | 113.86 | NOTE | |
| r-devel-linux-x86_64-fedora-clang | 1.0.7 | 28.00 | 244.35 | 272.35 | NOTE | |
| r-devel-linux-x86_64-fedora-gcc | 1.0.7 | 66.00 | 209.03 | 275.03 | NOTE | |
| r-devel-windows-x86_64 | 1.0.7 | 213.00 | 869.00 | 1082.00 | OK | |
| r-patched-linux-x86_64 | 1.0.7 | 13.85 | 123.68 | 137.53 | OK | |
| r-release-linux-x86_64 | 1.0.7 | 10.57 | 123.47 | 134.04 | OK | |
| r-release-macos-arm64 | 1.0.7 | 8.00 | 74.00 | 82.00 | OK | |
| r-release-macos-x86_64 | 1.0.7 | 15.00 | 138.00 | 153.00 | OK | |
| r-release-windows-x86_64 | 1.0.7 | 59.00 | 1118.00 | 1177.00 | OK | |
| r-oldrel-macos-arm64 | 1.0.7 | 9.00 | 76.00 | 85.00 | OK | |
| r-oldrel-macos-x86_64 | 1.0.7 | 21.00 | 144.00 | 165.00 | OK | |
| r-oldrel-windows-x86_64 | 1.0.7 | 58.00 | 479.00 | 537.00 | OK |
Version: 1.0.7
Check: HTML version of manual
Result: NOTE
Found the following HTML validation problems:
sjSDM.html:4117:1 (sjSDM.Rd:94): Warning: <script> anchor "MathJax-script" already defined
Flavors: r-devel-linux-x86_64-debian-clang, r-devel-linux-x86_64-debian-gcc, r-devel-linux-x86_64-fedora-clang, r-devel-linux-x86_64-fedora-gcc