Last updated on 2024-07-27 01:53:23 CEST.
Flavor | Version | Tinstall | Tcheck | Ttotal | Status | Flags |
---|---|---|---|---|---|---|
r-devel-linux-x86_64-debian-clang | 1.6 | 25.69 | 107.94 | 133.63 | OK | |
r-devel-linux-x86_64-debian-gcc | 1.6 | 17.51 | 76.33 | 93.84 | NOTE | |
r-devel-linux-x86_64-fedora-clang | 1.6 | 161.53 | OK | |||
r-devel-linux-x86_64-fedora-gcc | 1.6 | 148.20 | OK | |||
r-devel-windows-x86_64 | 1.6 | 18.00 | 82.00 | 100.00 | NOTE | |
r-patched-linux-x86_64 | 1.6 | OK | ||||
r-release-linux-x86_64 | 1.6 | 18.03 | 96.05 | 114.08 | OK | |
r-release-macos-arm64 | 1.6 | 37.00 | OK | |||
r-release-macos-x86_64 | 1.6 | 59.00 | OK | |||
r-release-windows-x86_64 | 1.6 | 18.00 | 82.00 | 100.00 | OK | |
r-oldrel-macos-arm64 | 1.6 | 41.00 | OK | |||
r-oldrel-macos-x86_64 | 1.6 | 69.00 | OK | |||
r-oldrel-windows-x86_64 | 1.6 | 22.00 | 98.00 | 120.00 | OK |
Version: 1.6
Check: Rd cross-references
Result: NOTE
Found the following Rd file(s) with Rd \link{} targets missing package
anchors:
rM.Rd: mvrnorm
Please provide package anchors for all Rd \link{} targets not in the
package itself and the base packages.
Flavors: r-devel-linux-x86_64-debian-gcc, r-devel-windows-x86_64