Last updated on 2025-11-13 02:52:33 CET.
| Flavor | Version | Tinstall | Tcheck | Ttotal | Status | Flags |
|---|---|---|---|---|---|---|
| r-devel-linux-x86_64-debian-clang | 0.2-18 | 3.02 | 40.67 | 43.69 | OK | |
| r-devel-linux-x86_64-debian-gcc | 0.2-18 | 2.33 | 31.77 | 34.10 | OK | |
| r-devel-linux-x86_64-fedora-clang | 0.2-18 | 69.10 | OK | |||
| r-devel-linux-x86_64-fedora-gcc | 0.2-18 | 14.00 | 53.59 | 67.59 | OK | |
| r-devel-windows-x86_64 | 0.2-18 | 5.00 | 54.00 | 59.00 | OK | |
| r-patched-linux-x86_64 | 0.2-18 | 3.04 | 42.33 | 45.37 | OK | |
| r-release-linux-x86_64 | 0.2-18 | 2.45 | 38.93 | 41.38 | OK | |
| r-release-macos-arm64 | 0.2-18 | 1.00 | 25.00 | 26.00 | OK | |
| r-release-macos-x86_64 | 0.2-18 | 3.00 | 42.00 | 45.00 | OK | |
| r-release-windows-x86_64 | 0.2-18 | 4.00 | 55.00 | 59.00 | OK | |
| r-oldrel-macos-arm64 | 0.2-18 | 2.00 | 26.00 | 28.00 | NOTE | |
| r-oldrel-macos-x86_64 | 0.2-18 | 2.00 | 204.00 | 206.00 | NOTE | |
| r-oldrel-windows-x86_64 | 0.2-18 | 5.00 | 64.00 | 69.00 | NOTE |
Version: 0.2-18
Check: package dependencies
Result: NOTE
Package which this enhances but not available for checking: ‘kmndirs’
Flavors: r-oldrel-macos-arm64, r-oldrel-macos-x86_64, r-oldrel-windows-x86_64