Last updated on 2024-07-27 01:53:24 CEST.
Flavor | Version | Tinstall | Tcheck | Ttotal | Status | Flags |
---|---|---|---|---|---|---|
r-devel-linux-x86_64-debian-clang | 1.4.3 | 11.28 | 112.61 | 123.89 | OK | |
r-devel-linux-x86_64-debian-gcc | 1.4.3 | 9.15 | 84.90 | 94.05 | OK | |
r-devel-linux-x86_64-fedora-clang | 1.4.3 | 157.27 | NOTE | |||
r-devel-linux-x86_64-fedora-gcc | 1.4.3 | 160.92 | NOTE | |||
r-devel-windows-x86_64 | 1.4.3 | 11.00 | 102.00 | 113.00 | OK | |
r-patched-linux-x86_64 | 1.4.3 | OK | ||||
r-release-linux-x86_64 | 1.4.3 | 7.02 | 110.64 | 117.66 | OK | |
r-release-macos-arm64 | 1.4.3 | 47.00 | OK | |||
r-release-macos-x86_64 | 1.4.3 | 78.00 | OK | |||
r-release-windows-x86_64 | 1.4.3 | 11.00 | 100.00 | 111.00 | OK | |
r-oldrel-macos-arm64 | 1.4.3 | 51.00 | OK | |||
r-oldrel-macos-x86_64 | 1.4.3 | 81.00 | OK | |||
r-oldrel-windows-x86_64 | 1.4.3 | 14.00 | 125.00 | 139.00 | OK |
Version: 1.4.3
Check: dependencies in R code
Result: NOTE
Namespace in Imports field not imported from: ‘maps’
All declared Imports should be used.
Flavors: r-devel-linux-x86_64-fedora-clang, r-devel-linux-x86_64-fedora-gcc