Last updated on 2024-07-27 01:53:24 CEST.
Flavor | Version | Tinstall | Tcheck | Ttotal | Status | Flags |
---|---|---|---|---|---|---|
r-devel-linux-x86_64-debian-clang | 2.1-6 | 24.61 | 397.05 | 421.66 | OK | |
r-devel-linux-x86_64-debian-gcc | 2.1-6 | 21.84 | 277.64 | 299.48 | NOTE | |
r-devel-linux-x86_64-fedora-clang | 2.1-6 | 512.63 | NOTE | |||
r-devel-linux-x86_64-fedora-gcc | 2.1-6 | 507.95 | NOTE | |||
r-devel-windows-x86_64 | 2.1-6 | 26.00 | 298.00 | 324.00 | NOTE | |
r-patched-linux-x86_64 | 2.1-6 | OK | ||||
r-release-linux-x86_64 | 2.1-6 | 18.49 | 369.60 | 388.09 | OK | |
r-release-macos-arm64 | 2.1-6 | 133.00 | OK | |||
r-release-macos-x86_64 | 2.1-6 | 219.00 | OK | |||
r-release-windows-x86_64 | 2.1-6 | 25.00 | 300.00 | 325.00 | OK | |
r-oldrel-macos-arm64 | 2.1-6 | 119.00 | OK | |||
r-oldrel-macos-x86_64 | 2.1-6 | 152.00 | OK | |||
r-oldrel-windows-x86_64 | 2.1-6 | 36.00 | 362.00 | 398.00 | OK |
Version: 2.1-6
Check: Rd cross-references
Result: NOTE
Found the following Rd file(s) with Rd \link{} targets missing package
anchors:
jackknife.smacofB.Rd: rainbow_hcl
Please provide package anchors for all Rd \link{} targets not in the
package itself and the base packages.
Flavors: r-devel-linux-x86_64-debian-gcc, r-devel-windows-x86_64
Version: 2.1-6
Check: data for non-ASCII characters
Result: NOTE
Note: found 15 marked Latin-1 strings
Note: found 2 marked UTF-8 strings
Flavors: r-devel-linux-x86_64-fedora-clang, r-devel-linux-x86_64-fedora-gcc