CRAN Package Check Results for Package smallarea

Last updated on 2025-05-04 02:50:18 CEST.

Flavor Version Tinstall Tcheck Ttotal Status Flags
r-devel-linux-x86_64-debian-clang 0.1 2.38 25.99 28.37 NOTE
r-devel-linux-x86_64-debian-gcc 0.1 1.70 22.14 23.84 NOTE
r-devel-linux-x86_64-fedora-clang 0.1 44.61 OK
r-devel-linux-x86_64-fedora-gcc 0.1 56.50 OK
r-devel-windows-x86_64 0.1 3.00 69.00 72.00 OK
r-patched-linux-x86_64 0.1 2.44 25.30 27.74 OK
r-release-linux-x86_64 OK
r-release-macos-arm64 0.1 35.00 OK
r-release-macos-x86_64 0.1 45.00 OK
r-release-windows-x86_64 0.1 4.00 62.00 66.00 OK
r-oldrel-macos-arm64 0.1 24.00 OK
r-oldrel-macos-x86_64 0.1 52.00 OK
r-oldrel-windows-x86_64 0.1 3.00 61.00 64.00 OK

Check Details

Version: 0.1
Check: CRAN incoming feasibility
Result: NOTE Maintainer: ‘Abhishek Nandy <nandy006@umn.edu>’ No Authors@R field in DESCRIPTION. Please add one, modifying Authors@R: person(given = "Abhishek", family = "Nandy", role = c("aut", "cre"), email = "nandy006@umn.edu") as necessary. Flavors: r-devel-linux-x86_64-debian-clang, r-devel-linux-x86_64-debian-gcc