Last updated on 2025-05-04 02:50:19 CEST.
Flavor | Version | Tinstall | Tcheck | Ttotal | Status | Flags |
---|---|---|---|---|---|---|
r-devel-linux-x86_64-debian-clang | 1.1 | 2.12 | 23.50 | 25.62 | NOTE | |
r-devel-linux-x86_64-debian-gcc | 1.1 | 1.63 | 18.00 | 19.63 | NOTE | |
r-devel-linux-x86_64-fedora-clang | 1.1 | 40.95 | OK | |||
r-devel-linux-x86_64-fedora-gcc | 1.1 | 38.83 | OK | |||
r-devel-windows-x86_64 | 1.1 | 3.00 | 45.00 | 48.00 | OK | |
r-patched-linux-x86_64 | 1.1 | 2.23 | 22.33 | 24.56 | OK | |
r-release-linux-x86_64 | OK | |||||
r-release-macos-arm64 | 1.1 | 17.00 | OK | |||
r-release-macos-x86_64 | 1.1 | 25.00 | OK | |||
r-release-windows-x86_64 | 1.1 | 3.00 | 51.00 | 54.00 | OK | |
r-oldrel-macos-arm64 | 1.1 | 16.00 | OK | |||
r-oldrel-macos-x86_64 | 1.1 | 24.00 | OK | |||
r-oldrel-windows-x86_64 | 1.1 | 3.00 | 44.00 | 47.00 | OK |
Version: 1.1
Check: CRAN incoming feasibility
Result: NOTE
Maintainer: ‘Wei Sun <sunweisurrey8@gmail.com>’
No Authors@R field in DESCRIPTION.
Please add one, modifying
Authors@R: c(person(given = "Wei",
family = "Sun",
role = c("aut", "cre"),
email = "sunweisurrey8@gmail.com"),
person(given = "Xingye",
family = "Qiao",
role = "aut"),
person(given = "Guang",
family = "Cheng",
role = "aut"))
as necessary.
Flavors: r-devel-linux-x86_64-debian-clang, r-devel-linux-x86_64-debian-gcc