Last updated on 2025-07-24 02:52:26 CEST.
Flavor | Version | Tinstall | Tcheck | Ttotal | Status | Flags |
---|---|---|---|---|---|---|
r-devel-linux-x86_64-debian-clang | 1.1.0 | 2.26 | 25.63 | 27.89 | OK | |
r-devel-linux-x86_64-debian-gcc | 1.1.0 | 1.66 | 21.20 | 22.86 | OK | |
r-devel-linux-x86_64-fedora-clang | 1.1.0 | 42.59 | OK | |||
r-devel-linux-x86_64-fedora-gcc | 1.1.0 | 40.70 | OK | |||
r-devel-windows-x86_64 | 1.1.0 | 3.00 | 53.00 | 56.00 | OK | |
r-patched-linux-x86_64 | 1.1.0 | 2.43 | 24.33 | 26.76 | NOTE | |
r-release-linux-x86_64 | 1.1.0 | 2.32 | 24.04 | 26.36 | OK | |
r-release-macos-arm64 | 1.1.0 | 21.00 | OK | |||
r-release-macos-x86_64 | 1.1.0 | 30.00 | OK | |||
r-release-windows-x86_64 | 1.1.0 | 3.00 | 54.00 | 57.00 | OK | |
r-oldrel-macos-arm64 | 1.1.0 | 20.00 | OK | |||
r-oldrel-macos-x86_64 | 1.1.0 | 44.00 | OK | |||
r-oldrel-windows-x86_64 | 1.1.0 | 4.00 | 59.00 | 63.00 | OK |
Version: 1.1.0
Check: tests
Result: NOTE
Running ‘tests.R’ [1s/1s]
Comparing ‘tests.Rout’ to ‘tests.Rout.save’ ...27c27
< * : checkEqualsNumeric(sens(r = ref.array, p = pred.array, groups = ref.groups), run in 0.103 sec ... OK kind msg
---
> kind msg
Flavor: r-patched-linux-x86_64