Last updated on 2025-05-24 01:51:35 CEST.
Flavor | Version | Tinstall | Tcheck | Ttotal | Status | Flags |
---|---|---|---|---|---|---|
r-devel-linux-x86_64-debian-clang | 0.3.0 | 64.95 | 425.10 | 490.05 | OK | |
r-devel-linux-x86_64-debian-gcc | 0.3.0 | 46.01 | 293.95 | 339.96 | OK | |
r-devel-linux-x86_64-fedora-clang | 0.3.0 | 820.58 | OK | |||
r-devel-linux-x86_64-fedora-gcc | 0.3.0 | 775.52 | OK | |||
r-devel-windows-x86_64 | 0.3.0 | 54.00 | 366.00 | 420.00 | OK | |
r-patched-linux-x86_64 | 0.3.0 | 61.97 | 400.83 | 462.80 | OK | |
r-release-linux-x86_64 | 0.3.0 | 61.89 | 402.35 | 464.24 | OK | |
r-release-macos-arm64 | 0.3.0 | 233.00 | OK | |||
r-release-macos-x86_64 | 0.3.0 | 384.00 | OK | |||
r-release-windows-x86_64 | 0.3.0 | 53.00 | 366.00 | 419.00 | ERROR | |
r-oldrel-macos-arm64 | 0.3.0 | 249.00 | OK | |||
r-oldrel-macos-x86_64 | 0.3.0 | 405.00 | OK | |||
r-oldrel-windows-x86_64 | 0.3.0 | 71.00 | 448.00 | 519.00 | OK |
Version: 0.3.0
Check: examples
Result: ERROR
Running examples in 'soilassessment-Ex.R' failed
The error most likely occurred in:
> ### Name: ECharm_Info
> ### Title: Information on performance of soil electrical conductivity (EC)
> ### harmonization models
> ### Aliases: ECharm_Info
>
> ### ** Examples
>
> ECharm_Info("1:2")
Warning in file(file, "rt") :
URL 'https://doc-14-a8-sheets.googleusercontent.com/pub/54bogvaave6cua4cdnls17ksc4/6o1iq69in97lce8l8aq27f3438/1748008840000/102335309848508877693/*/e@2PACX-1vTRcGLaM3PyMDB0abd8r1VE0OW6TWQ5QzrINjW00oiwS_SYBXM2RIJhqw9hnAeP9ePATdix7HyDjgda?output=csv': Timeout of 60 seconds was reached
Error in file(file, "rt") :
cannot open the connection to 'https://docs.google.com/spreadsheets/d/e/2PACX-1vTRcGLaM3PyMDB0abd8r1VE0OW6TWQ5QzrINjW00oiwS_SYBXM2RIJhqw9hnAeP9ePATdix7HyDjgda/pub?output=csv'
Calls: ECharm_Info -> read.csv -> read.table -> file
Execution halted
Flavor: r-release-windows-x86_64