Last updated on 2025-11-20 03:50:25 CET.
| Flavor | Version | Tinstall | Tcheck | Ttotal | Status | Flags |
|---|---|---|---|---|---|---|
| r-devel-linux-x86_64-debian-clang | 0.1.0 | 9.39 | 74.10 | 83.49 | NOTE | |
| r-devel-linux-x86_64-debian-gcc | 0.1.0 | 6.30 | 56.13 | 62.43 | NOTE | |
| r-devel-linux-x86_64-fedora-clang | 0.1.0 | 17.00 | 112.23 | 129.23 | OK | |
| r-devel-linux-x86_64-fedora-gcc | 0.1.0 | 20.00 | 121.14 | 141.14 | OK | |
| r-devel-windows-x86_64 | 0.1.0 | 16.00 | 82.00 | 98.00 | OK | |
| r-patched-linux-x86_64 | 0.1.0 | 8.97 | 72.76 | 81.73 | OK | |
| r-release-linux-x86_64 | 0.1.0 | 9.14 | 71.34 | 80.48 | OK | |
| r-release-macos-arm64 | 0.1.0 | OK | ||||
| r-release-macos-x86_64 | 0.1.0 | 8.00 | 88.00 | 96.00 | OK | |
| r-release-windows-x86_64 | 0.1.0 | 11.00 | 81.00 | 92.00 | OK | |
| r-oldrel-macos-arm64 | 0.1.0 | OK | ||||
| r-oldrel-macos-x86_64 | 0.1.0 | 6.00 | 62.00 | 68.00 | OK | |
| r-oldrel-windows-x86_64 | 0.1.0 | 13.00 | 100.00 | 113.00 | OK |
Version: 0.1.0
Check: CRAN incoming feasibility
Result: NOTE
Maintainer: ‘Weimin Zhang <zhangwm@hotmail.com>’
Found the following URLs which should use \doi (with the DOI name only):
File ‘asrm.Rd’:
https://doi.org/10.1111/biom.12997
File ‘sorocs.Rd’:
https://doi.org/10.1111/biom.12997
Flavors: r-devel-linux-x86_64-debian-clang, r-devel-linux-x86_64-debian-gcc