Last updated on 2024-07-27 01:53:24 CEST.
Flavor | Version | Tinstall | Tcheck | Ttotal | Status | Flags |
---|---|---|---|---|---|---|
r-devel-linux-x86_64-debian-clang | 2.1-4 | 25.97 | 171.74 | 197.71 | OK | |
r-devel-linux-x86_64-debian-gcc | 2.1-4 | 14.64 | 124.96 | 139.60 | NOTE | |
r-devel-linux-x86_64-fedora-clang | 2.1-4 | 237.89 | OK | |||
r-devel-linux-x86_64-fedora-gcc | 2.1-4 | 239.42 | OK | |||
r-devel-windows-x86_64 | 2.1-4 | 22.00 | 180.00 | 202.00 | NOTE | |
r-patched-linux-x86_64 | 2.1-4 | OK | ||||
r-release-linux-x86_64 | 2.1-4 | 18.24 | 160.70 | 178.94 | OK | |
r-release-macos-arm64 | 2.1-4 | 101.00 | OK | |||
r-release-macos-x86_64 | 2.1-4 | 118.00 | OK | |||
r-release-windows-x86_64 | 2.1-4 | 26.00 | 181.00 | 207.00 | OK | |
r-oldrel-macos-arm64 | 2.1-4 | 114.00 | OK | |||
r-oldrel-macos-x86_64 | 2.1-4 | 290.00 | OK | |||
r-oldrel-windows-x86_64 | 2.1-4 | 30.00 | 210.00 | 240.00 | OK |
Version: 2.1-4
Check: Rd cross-references
Result: NOTE
Found the following Rd file(s) with Rd \link{} targets missing package
anchors:
bubble.Rd: xyplot
image.Rd: levelplot
mapasp.Rd: levelplot
spplot.Rd: xyplot, levelplot
stack.Rd: levelplot
Please provide package anchors for all Rd \link{} targets not in the
package itself and the base packages.
Flavors: r-devel-linux-x86_64-debian-gcc, r-devel-windows-x86_64