CRAN Package Check Results for Package spBFA

Last updated on 2025-10-02 01:50:13 CEST.

Flavor Version Tinstall Tcheck Ttotal Status Flags
r-devel-linux-x86_64-debian-clang 1.3 167.30 85.38 252.68 WARN
r-devel-linux-x86_64-debian-gcc 1.4.0 106.08 62.93 169.01 OK
r-devel-linux-x86_64-fedora-clang 1.4.0 474.48 OK
r-devel-linux-x86_64-fedora-gcc 1.4.0 439.37 OK
r-devel-windows-x86_64 1.3 194.00 112.00 306.00 WARN
r-patched-linux-x86_64 1.4.0 164.13 81.68 245.81 OK
r-release-linux-x86_64 1.3 163.33 81.05 244.38 WARN
r-release-macos-arm64 1.3 168.00 OK
r-release-macos-x86_64 1.4.0 176.00 OK
r-release-windows-x86_64 1.4.0 173.00 112.00 285.00 OK
r-oldrel-macos-arm64 1.3 102.00 NOTE
r-oldrel-macos-x86_64 1.4.0 168.00 NOTE
r-oldrel-windows-x86_64 1.4.0 162.00 137.00 299.00 OK

Check Details

Version: 1.3
Check: CRAN incoming feasibility
Result: NOTE Maintainer: ‘Samuel I. Berchuck <sib2@duke.edu>’ The Description field contains Spatial Surfaces", by Berchuck et al (2019), <arXiv:1911.04337>. The Please refer to arXiv e-prints via their arXiv DOI <doi:10.48550/arXiv.YYMM.NNNNN>. Flavor: r-devel-linux-x86_64-debian-clang

Version: 1.3
Check: whether package can be installed
Result: WARN Found the following significant warnings: MCMC_Samplers.cpp:56:16: warning: 'is_finite<double>' is deprecated: change arma::is_finite(val) to std::isfinite(val) [-Wdeprecated-declarations] MCMC_Samplers.cpp:57:16: warning: 'is_finite<double>' is deprecated: change arma::is_finite(val) to std::isfinite(val) [-Wdeprecated-declarations] MCMC_Samplers.cpp:91:16: warning: 'is_finite<double>' is deprecated: change arma::is_finite(val) to std::isfinite(val) [-Wdeprecated-declarations] MCMC_Samplers.cpp:92:16: warning: 'is_finite<double>' is deprecated: change arma::is_finite(val) to std::isfinite(val) [-Wdeprecated-declarations] See ‘/home/hornik/tmp/R.check/r-devel-clang/Work/PKGS/spBFA.Rcheck/00install.out’ for details. * used C++ compiler: ‘Debian clang version 19.1.7 (3+b2)’ Flavor: r-devel-linux-x86_64-debian-clang

Version: 1.3
Check: whether package can be installed
Result: WARN Found the following significant warnings: MCMC_Samplers.cpp:56:25: warning: 'bool arma::is_finite(eT, const typename arma_scalar_only<eT>::result*) [with eT = double; typename arma_scalar_only<eT>::result = double]' is deprecated: change arma::is_finite(val) to std::isfinite(val) [-Wdeprecated-declarations] MCMC_Samplers.cpp:57:25: warning: 'bool arma::is_finite(eT, const typename arma_scalar_only<eT>::result*) [with eT = double; typename arma_scalar_only<eT>::result = double]' is deprecated: change arma::is_finite(val) to std::isfinite(val) [-Wdeprecated-declarations] MCMC_Samplers.cpp:91:25: warning: 'bool arma::is_finite(eT, const typename arma_scalar_only<eT>::result*) [with eT = double; typename arma_scalar_only<eT>::result = double]' is deprecated: change arma::is_finite(val) to std::isfinite(val) [-Wdeprecated-declarations] MCMC_Samplers.cpp:92:25: warning: 'bool arma::is_finite(eT, const typename arma_scalar_only<eT>::result*) [with eT = double; typename arma_scalar_only<eT>::result = double]' is deprecated: change arma::is_finite(val) to std::isfinite(val) [-Wdeprecated-declarations] See 'd:/Rcompile/CRANpkg/local/4.6/spBFA.Rcheck/00install.out' for details. * used C++ compiler: 'g++.exe (GCC) 14.2.0' Flavor: r-devel-windows-x86_64

Version: 1.3
Check: whether package can be installed
Result: WARN Found the following significant warnings: MCMC_Samplers.cpp:56:25: warning: ‘bool arma::is_finite(eT, const typename arma_scalar_only<eT>::result*) [with eT = double; typename arma_scalar_only<eT>::result = double]’ is deprecated: change arma::is_finite(val) to std::isfinite(val) [-Wdeprecated-declarations] MCMC_Samplers.cpp:57:25: warning: ‘bool arma::is_finite(eT, const typename arma_scalar_only<eT>::result*) [with eT = double; typename arma_scalar_only<eT>::result = double]’ is deprecated: change arma::is_finite(val) to std::isfinite(val) [-Wdeprecated-declarations] MCMC_Samplers.cpp:91:25: warning: ‘bool arma::is_finite(eT, const typename arma_scalar_only<eT>::result*) [with eT = double; typename arma_scalar_only<eT>::result = double]’ is deprecated: change arma::is_finite(val) to std::isfinite(val) [-Wdeprecated-declarations] MCMC_Samplers.cpp:92:25: warning: ‘bool arma::is_finite(eT, const typename arma_scalar_only<eT>::result*) [with eT = double; typename arma_scalar_only<eT>::result = double]’ is deprecated: change arma::is_finite(val) to std::isfinite(val) [-Wdeprecated-declarations] See ‘/home/hornik/tmp/R.check/r-release-gcc/Work/PKGS/spBFA.Rcheck/00install.out’ for details. * used C++ compiler: ‘g++-14 (Debian 14.3.0-8) 14.3.0’ Flavor: r-release-linux-x86_64

Version: 1.3
Check: installed package size
Result: NOTE installed size is 13.4Mb sub-directories of 1Mb or more: data 3.3Mb libs 9.5Mb Flavor: r-oldrel-macos-arm64

Version: 1.4.0
Check: installed package size
Result: NOTE installed size is 13.7Mb sub-directories of 1Mb or more: data 3.3Mb libs 9.8Mb Flavor: r-oldrel-macos-x86_64