CRAN Package Check Results for Package sparkline

Last updated on 2025-11-20 03:50:25 CET.

Flavor Version Tinstall Tcheck Ttotal Status Flags
r-devel-linux-x86_64-debian-clang 2.0 2.60 29.84 32.44 NOTE
r-devel-linux-x86_64-debian-gcc 2.0 1.82 24.19 26.01 NOTE
r-devel-linux-x86_64-fedora-clang 2.0 47.69 OK
r-devel-linux-x86_64-fedora-gcc 2.0 60.07 OK
r-devel-windows-x86_64 2.0 8.00 47.00 55.00 OK
r-patched-linux-x86_64 2.0 2.47 27.26 29.73 OK
r-release-linux-x86_64 2.0 2.30 27.17 29.47 OK
r-release-macos-arm64 2.0 OK
r-release-macos-x86_64 2.0 2.00 41.00 43.00 OK
r-release-windows-x86_64 2.0 5.00 46.00 51.00 OK
r-oldrel-macos-arm64 2.0 OK
r-oldrel-macos-x86_64 2.0 2.00 36.00 38.00 OK
r-oldrel-windows-x86_64 2.0 6.00 54.00 60.00 OK

Check Details

Version: 2.0
Check: CRAN incoming feasibility
Result: NOTE Maintainer: ‘Ramnath Vaidyanathan <ramnath.vaidya@gmail.com>’ Found the following (possibly) invalid file URI: URI: CONDUCT.md From: README.md Flavors: r-devel-linux-x86_64-debian-clang, r-devel-linux-x86_64-debian-gcc