Last updated on 2025-11-09 01:48:54 CET.
| Flavor | Version | Tinstall | Tcheck | Ttotal | Status | Flags |
|---|---|---|---|---|---|---|
| r-devel-linux-x86_64-debian-clang | 0.1.0 | 6.07 | 54.87 | 60.94 | OK | |
| r-devel-linux-x86_64-debian-gcc | 0.1.0 | 4.55 | 40.05 | 44.60 | OK | |
| r-devel-linux-x86_64-fedora-clang | 0.1.0 | 16.00 | 78.96 | 94.96 | OK | |
| r-devel-linux-x86_64-fedora-gcc | 0.1.0 | 13.00 | 74.18 | 87.18 | OK | |
| r-devel-windows-x86_64 | 0.1.0 | 7.00 | 69.00 | 76.00 | OK | |
| r-patched-linux-x86_64 | 0.1.0 | 5.35 | 51.47 | 56.82 | OK | |
| r-release-linux-x86_64 | 0.1.0 | 5.85 | 51.32 | 57.17 | OK | |
| r-release-macos-arm64 | 0.1.0 | 3.00 | 26.00 | 29.00 | OK | |
| r-release-macos-x86_64 | 0.1.0 | 6.00 | 49.00 | 55.00 | OK | |
| r-release-windows-x86_64 | 0.1.0 | 9.00 | 69.00 | 78.00 | OK | |
| r-oldrel-macos-arm64 | 0.1.0 | 3.00 | 25.00 | 28.00 | NOTE | |
| r-oldrel-macos-x86_64 | 0.1.0 | 5.00 | 39.00 | 44.00 | NOTE | |
| r-oldrel-windows-x86_64 | 0.1.0 | 10.00 | 83.00 | 93.00 | NOTE |
Version: 0.1.0
Check: LazyData
Result: NOTE
'LazyData' is specified without a 'data' directory
Flavors: r-oldrel-macos-arm64, r-oldrel-macos-x86_64, r-oldrel-windows-x86_64