Last updated on 2024-07-27 01:53:24 CEST.
Flavor | Version | Tinstall | Tcheck | Ttotal | Status | Flags |
---|---|---|---|---|---|---|
r-devel-linux-x86_64-debian-clang | 0.2.8 | 49.86 | 481.45 | 531.31 | OK | |
r-devel-linux-x86_64-debian-gcc | 0.2.8 | 38.01 | 333.80 | 371.81 | NOTE | |
r-devel-linux-x86_64-fedora-clang | 0.2.8 | 642.50 | OK | |||
r-devel-linux-x86_64-fedora-gcc | 0.2.8 | 631.87 | OK | |||
r-devel-windows-x86_64 | 0.2.8 | 28.00 | 265.00 | 293.00 | NOTE | |
r-patched-linux-x86_64 | 0.2.8 | OK | ||||
r-release-linux-x86_64 | 0.2.8 | 33.41 | 448.52 | 481.93 | OK | |
r-release-macos-arm64 | 0.2.8 | 290.00 | OK | |||
r-release-macos-x86_64 | 0.2.8 | 286.00 | OK | |||
r-release-windows-x86_64 | 0.2.8 | 28.00 | 258.00 | 286.00 | OK | |
r-oldrel-macos-arm64 | 0.2.8 | 141.00 | OK | |||
r-oldrel-macos-x86_64 | 0.2.8 | 357.00 | OK | |||
r-oldrel-windows-x86_64 | 0.2.8 | 36.00 | 335.00 | 371.00 | OK |
Version: 0.2.8
Check: Rd cross-references
Result: NOTE
Found the following Rd file(s) with Rd \link{} targets missing package
anchors:
sparrpowR-package.Rd: sparr, spatstat.random, spatstat.geom, terra,
doFuture, doRNG
spatial_data.Rd: spatstat.random
spatial_power.Rd: spatstat.random
Please provide package anchors for all Rd \link{} targets not in the
package itself and the base packages.
Flavors: r-devel-linux-x86_64-debian-gcc, r-devel-windows-x86_64