Last updated on 2025-11-16 01:49:31 CET.
| Flavor | Version | Tinstall | Tcheck | Ttotal | Status | Flags |
|---|---|---|---|---|---|---|
| r-devel-linux-x86_64-debian-clang | 3.4 | 38.14 | 61.18 | 99.32 | NOTE | |
| r-devel-linux-x86_64-debian-gcc | 3.4 | 24.26 | 47.78 | 72.04 | NOTE | |
| r-devel-linux-x86_64-fedora-clang | 3.4 | 83.00 | 94.57 | 177.57 | OK | |
| r-devel-linux-x86_64-fedora-gcc | 3.4 | 84.00 | 75.58 | 159.58 | OK | |
| r-devel-windows-x86_64 | 3.4 | 49.00 | 94.00 | 143.00 | OK | |
| r-patched-linux-x86_64 | 3.4 | 38.37 | 59.01 | 97.38 | OK | |
| r-release-linux-x86_64 | 3.4 | 37.88 | 58.12 | 96.00 | OK | |
| r-release-macos-arm64 | 3.4 | 18.00 | 35.00 | 53.00 | OK | |
| r-release-macos-x86_64 | 3.4 | 18.00 | 57.00 | 75.00 | OK | |
| r-release-windows-x86_64 | 3.4 | 46.00 | 93.00 | 139.00 | OK | |
| r-oldrel-macos-arm64 | 3.4 | 20.00 | 30.00 | 50.00 | OK | |
| r-oldrel-macos-x86_64 | 3.4 | 17.00 | 45.00 | 62.00 | OK | |
| r-oldrel-windows-x86_64 | 3.4 | 58.00 | 116.00 | 174.00 | OK |
Version: 3.4
Check: CRAN incoming feasibility
Result: NOTE
Maintainer: ‘Tuomas Rajala <tuomas.rajala@iki.fi>’
No Authors@R field in DESCRIPTION.
Please add one, modifying
Authors@R: person(given = "Tuomas",
family = "Rajala",
role = c("aut", "cre"),
email = "tuomas.rajala@iki.fi")
as necessary.
Flavors: r-devel-linux-x86_64-debian-clang, r-devel-linux-x86_64-debian-gcc