CRAN Package Check Results for Package spatialRF

Last updated on 2025-11-16 01:49:31 CET.

Flavor Version Tinstall Tcheck Ttotal Status Flags
r-devel-linux-x86_64-debian-clang 1.1.4 12.02 84.70 96.72 NOTE
r-devel-linux-x86_64-debian-gcc 1.1.4 6.73 62.30 69.03 NOTE
r-devel-linux-x86_64-fedora-clang 1.1.4 59.00 102.18 161.18 OK
r-devel-linux-x86_64-fedora-gcc 1.1.4 26.00 114.13 140.13 OK
r-devel-windows-x86_64 1.1.4 17.00 105.00 122.00 OK
r-patched-linux-x86_64 1.1.4 10.96 80.15 91.11 OK
r-release-linux-x86_64 1.1.4 10.18 81.07 91.25 OK
r-release-macos-arm64 1.1.4 4.00 32.00 36.00 OK
r-release-macos-x86_64 1.1.4 9.00 60.00 69.00 OK
r-release-windows-x86_64 1.1.4 15.00 105.00 120.00 OK
r-oldrel-macos-arm64 1.1.4 4.00 31.00 35.00 OK
r-oldrel-macos-x86_64 1.1.4 7.00 49.00 56.00 OK
r-oldrel-windows-x86_64 1.1.4 19.00 124.00 143.00 OK

Check Details

Version: 1.1.4
Check: CRAN incoming feasibility
Result: NOTE Maintainer: ‘Blas M. Benito <blasbenito@gmail.com>’ Package CITATION file contains call(s) to old-style citEntry(). Please use bibentry() instead. Flavor: r-devel-linux-x86_64-debian-clang

Version: 1.1.4
Check: CRAN incoming feasibility
Result: NOTE Maintainer: ‘Blas M. Benito <blasbenito@gmail.com>’ Package CITATION file contains call(s) to old-style citEntry(). Please use bibentry() instead. The BugReports field in DESCRIPTION has https://github.com/BlasBenito/spatialRF/issues/ which should likely be https://github.com/BlasBenito/spatialRF/issues/issues instead. Flavor: r-devel-linux-x86_64-debian-gcc