Last updated on 2024-07-27 01:53:24 CEST.
Flavor | Version | Tinstall | Tcheck | Ttotal | Status | Flags |
---|---|---|---|---|---|---|
r-devel-linux-x86_64-debian-clang | 1.3-4 | 28.99 | 332.41 | 361.40 | OK | |
r-devel-linux-x86_64-debian-gcc | 1.3-4 | 22.45 | 235.64 | 258.09 | NOTE | |
r-devel-linux-x86_64-fedora-clang | 1.3-4 | 455.62 | OK | |||
r-devel-linux-x86_64-fedora-gcc | 1.3-4 | 422.06 | OK | |||
r-devel-windows-x86_64 | 1.3-4 | 29.00 | 240.00 | 269.00 | NOTE | |
r-patched-linux-x86_64 | 1.3-4 | OK | ||||
r-release-linux-x86_64 | 1.3-4 | 31.06 | 310.40 | 341.46 | OK | |
r-release-macos-arm64 | 1.3-4 | 120.00 | OK | |||
r-release-macos-x86_64 | 1.3-4 | 359.00 | OK | |||
r-release-windows-x86_64 | 1.3-4 | 30.00 | 243.00 | 273.00 | OK | |
r-oldrel-macos-arm64 | 1.3-4 | 144.00 | OK | |||
r-oldrel-macos-x86_64 | 1.3-4 | 304.00 | OK | |||
r-oldrel-windows-x86_64 | 1.3-4 | 37.00 | 316.00 | 353.00 | OK |
Version: 1.3-4
Check: Rd cross-references
Result: NOTE
Found the following Rd file(s) with Rd \link{} targets missing package
anchors:
SpatialFiltering.Rd: nb2listw, listw2U
impacts.Rd: nb2listw
invIrM.Rd: nb2listw
trW.Rd: nb2listw
Please provide package anchors for all Rd \link{} targets not in the
package itself and the base packages.
Flavors: r-devel-linux-x86_64-debian-gcc, r-devel-windows-x86_64