Last updated on 2025-11-19 01:49:03 CET.
| Flavor | Version | Tinstall | Tcheck | Ttotal | Status | Flags |
|---|---|---|---|---|---|---|
| r-devel-linux-x86_64-debian-clang | 5.1-0 | 11.31 | 137.83 | 149.14 | OK | |
| r-devel-linux-x86_64-debian-gcc | 5.1-0 | 7.88 | 99.56 | 107.44 | OK | |
| r-devel-linux-x86_64-fedora-clang | 5.1-0 | 29.00 | 207.43 | 236.43 | OK | |
| r-devel-linux-x86_64-fedora-gcc | 5.1-0 | 55.00 | 185.85 | 240.85 | OK | |
| r-devel-windows-x86_64 | 5.1-0 | 13.00 | 154.00 | 167.00 | OK | |
| r-patched-linux-x86_64 | 5.1-0 | 12.35 | 130.83 | 143.18 | OK | |
| r-release-linux-x86_64 | 5.1-0 | 12.14 | 132.74 | 144.88 | OK | |
| r-release-macos-arm64 | 5.1-0 | 5.00 | 52.00 | 57.00 | OK | |
| r-release-macos-x86_64 | 5.1-0 | 14.00 | 113.00 | 127.00 | OK | |
| r-release-windows-x86_64 | 5.1-0 | 13.00 | 148.00 | 161.00 | OK | |
| r-oldrel-macos-arm64 | 5.1-0 | 5.00 | 60.00 | 65.00 | NOTE | |
| r-oldrel-macos-x86_64 | 5.1-0 | 11.00 | 162.00 | 173.00 | NOTE | |
| r-oldrel-windows-x86_64 | 5.1-0 | 20.00 | 192.00 | 212.00 | NOTE |
Version: 5.1-0
Check: package dependencies
Result: NOTE
Depends: includes the non-default packages:
'spatstat.data', 'spatstat.univar', 'spatstat.sparse',
'spatstat.geom', 'spatstat.random', 'spatstat.explore',
'spatstat.model', 'spatstat'
Adding so many packages to the search path is excessive and importing
selectively is preferable.
Flavors: r-oldrel-macos-arm64, r-oldrel-macos-x86_64, r-oldrel-windows-x86_64