Last updated on 2025-02-21 02:52:26 CET.
Flavor | Version | Tinstall | Tcheck | Ttotal | Status | Flags |
---|---|---|---|---|---|---|
r-devel-linux-x86_64-debian-clang | 0.0.1.7 | 30.28 | 28.57 | 58.85 | NOTE | |
r-devel-linux-x86_64-debian-gcc | 0.0.1.7 | 20.44 | 25.48 | 45.92 | NOTE | |
r-devel-linux-x86_64-fedora-clang | 0.0.1.7 | 116.62 | NOTE | |||
r-devel-linux-x86_64-fedora-gcc | 0.0.1.7 | 112.96 | NOTE | |||
r-devel-macos-arm64 | 0.0.1.7 | 34.00 | NOTE | |||
r-devel-macos-x86_64 | 0.0.1.7 | 54.00 | NOTE | |||
r-devel-windows-x86_64 | 0.0.1.7 | 32.00 | 75.00 | 107.00 | NOTE | |
r-patched-linux-x86_64 | 0.0.1.7 | 28.74 | 27.47 | 56.21 | NOTE | |
r-release-linux-x86_64 | 0.0.1.7 | 29.63 | 27.42 | 57.05 | NOTE | |
r-release-macos-arm64 | 0.0.1.7 | 37.00 | NOTE | |||
r-release-macos-x86_64 | 0.0.1.7 | 47.00 | NOTE | |||
r-release-windows-x86_64 | 0.0.1.7 | 32.00 | 68.00 | 100.00 | NOTE | |
r-oldrel-macos-arm64 | 0.0.1.7 | 40.00 | NOTE | |||
r-oldrel-macos-x86_64 | 0.0.1.7 | 68.00 | NOTE | |||
r-oldrel-windows-x86_64 | 0.0.1.7 | 30.00 | 82.00 | 112.00 | NOTE |
Version: 0.0.1.7
Check: package subdirectories
Result: NOTE
Problems with news in ‘NEWS.md’:
Cannot extract version info from the following section titles:
Roadmap of specklestar package
Flavors: r-devel-linux-x86_64-debian-clang, r-devel-linux-x86_64-debian-gcc, r-devel-linux-x86_64-fedora-clang, r-devel-linux-x86_64-fedora-gcc, r-devel-macos-arm64, r-devel-macos-x86_64, r-devel-windows-x86_64, r-patched-linux-x86_64, r-release-linux-x86_64, r-release-macos-arm64, r-release-macos-x86_64, r-release-windows-x86_64, r-oldrel-macos-arm64, r-oldrel-macos-x86_64, r-oldrel-windows-x86_64
Version: 0.0.1.7
Check: LazyData
Result: NOTE
'LazyData' is specified without a 'data' directory
Flavors: r-patched-linux-x86_64, r-release-linux-x86_64, r-release-macos-arm64, r-release-macos-x86_64, r-release-windows-x86_64, r-oldrel-macos-arm64, r-oldrel-macos-x86_64, r-oldrel-windows-x86_64