Last updated on 2025-05-04 02:50:19 CEST.
Flavor | Version | Tinstall | Tcheck | Ttotal | Status | Flags |
---|---|---|---|---|---|---|
r-devel-linux-x86_64-debian-clang | 1.3.3 | 3.20 | 26.15 | 29.35 | NOTE | |
r-devel-linux-x86_64-debian-gcc | 1.3.3 | 2.11 | 20.16 | 22.27 | NOTE | |
r-devel-linux-x86_64-fedora-clang | 1.3.3 | 44.48 | NOTE | |||
r-devel-linux-x86_64-fedora-gcc | 1.3.3 | 42.47 | NOTE | |||
r-devel-windows-x86_64 | 1.3.3 | 3.00 | 51.00 | 54.00 | NOTE | |
r-patched-linux-x86_64 | 1.3.3 | 3.59 | 24.34 | 27.93 | NOTE | |
r-release-linux-x86_64 | NOTE | |||||
r-release-macos-arm64 | 1.3.3 | 19.00 | NOTE | |||
r-release-macos-x86_64 | 1.3.3 | 28.00 | NOTE | |||
r-release-windows-x86_64 | 1.3.3 | 5.00 | 56.00 | 61.00 | NOTE | |
r-oldrel-macos-arm64 | 1.3.3 | 18.00 | NOTE | |||
r-oldrel-macos-x86_64 | 1.3.3 | 27.00 | NOTE | |||
r-oldrel-windows-x86_64 | 1.3.3 | 4.00 | 49.00 | 53.00 | NOTE |
Version: 1.3.3
Check: CRAN incoming feasibility
Result: NOTE
Maintainer: ‘Chris Paciorek <paciorek@alumni.cmu.edu>’
No Authors@R field in DESCRIPTION.
Please add one, modifying
Authors@R: person(given = "Chris",
family = "Paciorek",
role = c("aut", "cre"),
email = "paciorek@alumni.cmu.edu")
as necessary.
Package CITATION file contains call(s) to old-style citEntry(). Please
use bibentry() instead.
Flavors: r-devel-linux-x86_64-debian-clang, r-devel-linux-x86_64-debian-gcc
Version: 1.3.3
Check: Rd files
Result: NOTE
checkRd: (-1) image.plot.Rd:78: Escaped LaTeX specials: \$
Flavors: r-devel-linux-x86_64-debian-clang, r-devel-linux-x86_64-debian-gcc, r-devel-linux-x86_64-fedora-clang, r-devel-linux-x86_64-fedora-gcc, r-devel-windows-x86_64, r-patched-linux-x86_64, r-release-linux-x86_64, r-release-macos-arm64, r-release-macos-x86_64, r-release-windows-x86_64, r-oldrel-macos-arm64, r-oldrel-macos-x86_64, r-oldrel-windows-x86_64