Last updated on 2025-05-27 01:49:57 CEST.
Flavor | Version | Tinstall | Tcheck | Ttotal | Status | Flags |
---|---|---|---|---|---|---|
r-devel-linux-x86_64-debian-clang | 0.1.5 | 6.22 | 50.14 | 56.36 | NOTE | |
r-devel-linux-x86_64-debian-gcc | 0.1.5 | 4.84 | 36.29 | 41.13 | NOTE | |
r-devel-linux-x86_64-fedora-clang | 0.1.5 | 81.72 | NOTE | |||
r-devel-linux-x86_64-fedora-gcc | 0.1.5 | 75.32 | NOTE | |||
r-devel-windows-x86_64 | 0.1.5 | 8.00 | 60.00 | 68.00 | NOTE | |
r-patched-linux-x86_64 | 0.1.5 | 6.05 | 44.39 | 50.44 | NOTE | |
r-release-linux-x86_64 | 0.1.5 | 6.50 | 45.79 | 52.29 | NOTE | |
r-release-macos-arm64 | 0.1.5 | 27.00 | NOTE | |||
r-release-macos-x86_64 | 0.1.5 | 49.00 | NOTE | |||
r-release-windows-x86_64 | 0.1.5 | 9.00 | 64.00 | 73.00 | NOTE | |
r-oldrel-macos-arm64 | 0.1.5 | 28.00 | NOTE | |||
r-oldrel-macos-x86_64 | 0.1.5 | 39.00 | NOTE | |||
r-oldrel-windows-x86_64 | 0.1.5 | 10.00 | 72.00 | 82.00 | NOTE |
Version: 0.1.5
Check: Rd files
Result: NOTE
checkRd: (-1) speech_recompiler.Rd:25: Lost braces; missing escapes or markup?
25 | The default compilation is that of \ code {speech_build (., compiler = TRUE}).
| ^
Flavors: r-devel-linux-x86_64-debian-clang, r-devel-linux-x86_64-debian-gcc, r-devel-linux-x86_64-fedora-clang, r-devel-linux-x86_64-fedora-gcc, r-devel-windows-x86_64, r-patched-linux-x86_64, r-release-linux-x86_64, r-release-macos-arm64, r-release-macos-x86_64, r-release-windows-x86_64, r-oldrel-macos-arm64, r-oldrel-macos-x86_64, r-oldrel-windows-x86_64