Last updated on 2024-07-27 01:53:24 CEST.
Flavor | Version | Tinstall | Tcheck | Ttotal | Status | Flags |
---|---|---|---|---|---|---|
r-devel-linux-x86_64-debian-clang | 1.4.0 | 179.98 | 204.21 | 384.19 | OK | |
r-devel-linux-x86_64-debian-gcc | 1.4.0 | 133.10 | 144.82 | 277.92 | NOTE | |
r-devel-linux-x86_64-fedora-clang | 1.4.0 | 570.18 | NOTE | |||
r-devel-linux-x86_64-fedora-gcc | 1.4.0 | 581.28 | NOTE | |||
r-devel-windows-x86_64 | 1.4.0 | 144.00 | 393.00 | 537.00 | NOTE | |
r-patched-linux-x86_64 | 1.4.0 | OK | ||||
r-release-linux-x86_64 | 1.4.0 | 164.42 | 190.70 | 355.12 | OK | |
r-release-macos-arm64 | 1.4.0 | 226.00 | NOTE | |||
r-release-macos-x86_64 | 1.4.0 | 307.00 | NOTE | |||
r-release-windows-x86_64 | 1.4.0 | 168.00 | 402.00 | 570.00 | OK | |
r-oldrel-macos-arm64 | 1.4.0 | 235.00 | NOTE | |||
r-oldrel-macos-x86_64 | 1.4.0 | 314.00 | NOTE | |||
r-oldrel-windows-x86_64 | 1.4.0 | 172.00 | 425.00 | 597.00 | OK |
Version: 1.4.0
Check: Rd cross-references
Result: NOTE
Found the following Rd file(s) with Rd \link{} targets missing package
anchors:
F_from_f.Rd: tang-norm-decomp
Please provide package anchors for all Rd \link{} targets not in the
package itself and the base packages.
Flavors: r-devel-linux-x86_64-debian-gcc, r-devel-windows-x86_64
Version: 1.4.0
Check: data for non-ASCII characters
Result: NOTE
Note: found 189 marked UTF-8 strings
Flavors: r-devel-linux-x86_64-fedora-clang, r-devel-linux-x86_64-fedora-gcc
Version: 1.4.0
Check: installed package size
Result: NOTE
installed size is 17.3Mb
sub-directories of 1Mb or more:
libs 16.2Mb
Flavors: r-release-macos-arm64, r-release-macos-x86_64, r-oldrel-macos-arm64, r-oldrel-macos-x86_64